{"id":1204,"date":"2016-01-28T12:42:29","date_gmt":"2016-01-28T12:42:29","guid":{"rendered":"http:\/\/www.koraltekki.hu\/?page_id=1204"},"modified":"2016-06-14T09:18:51","modified_gmt":"2016-06-14T09:18:51","slug":"uef-partner-dive-center-statuszunk","status":"publish","type":"page","link":"http:\/\/www.koraltekki.hu\/?page_id=1204","title":{"rendered":"UEF Partner Dive Center st\u00e1tuszunk"},"content":{"rendered":"<h2><\/h2>\n<h2>\u00a0A <span style=\"color: #ff0000;\">KORAL-TEKKI Dive School<\/span> 2016-t\u00f3l <span style=\"color: #ff0000;\">UEF Partner Dive Center<\/span>\u00a0st\u00e1tuszt kapott<\/h2>\n<h2>UEF \u00a0B\u00e1zisok (ismertet\u0151)<\/h2>\n<p>Szeretn\u00e9d tov\u00e1bb m\u00e9ly\u00edteni b\u00fav\u00e1rtud\u00e1sod, vagy csak egyszer\u0171en c\u00e9lpontot keresel egy b\u00fav\u00e1rkod\u00f3s nyaral\u00e1shoz?<\/p>\n<p>&#8220;V\u00e1lassz a b\u00e1ziskeres\u0151b\u0151l egy min\u0151s\u00edtett UEF b\u00e1zist! A UEF b\u00fav\u00e1rb\u00e1zisoknak \u00e9s oktat\u00f3knak szigor\u00fa k\u00f6vetelm\u00e9nyrendszernek kell megfelelni\u00fck, ez\u00e9rt b\u00e1tran aj\u00e1nljuk szolg\u00e1ltat\u00e1saikat.&#8221; \u00a0UEF.HU oldal alapj\u00e1n<\/p>\n<h2><span style=\"color: #ff0000;\">UEF Partner Dive Center<\/span><\/h2>\n<p>Ezeken a b\u00e1zisokon ismerik a UEF min\u0151s\u00edt\u00e9si szab\u00e1lyzat\u00e1t ez\u00e9rt t\u00f6k\u00e9letesen tudj\u00e1k, hogy a b\u00fav\u00e1rv\u00e9gzetts\u00e9geid alapj\u00e1n milyen mer\u00fcl\u00e9sekre vihetnek el t\u00e9ged.<\/p>\n<p style=\"text-align: left;\"><a href=\"http:\/\/www.koraltekki.hu\/wp-content\/uploads\/2016\/06\/uef-oklevelshort.jpg\"><img loading=\"lazy\" class=\"  wp-image-1411 alignleft\" src=\"http:\/\/www.koraltekki.hu\/wp-content\/uploads\/2016\/06\/uef-oklevelshort-212x300.jpg\" alt=\"uef oklevelshort\" width=\"473\" height=\"669\" srcset=\"http:\/\/www.koraltekki.hu\/wp-content\/uploads\/2016\/06\/uef-oklevelshort-212x300.jpg 212w, http:\/\/www.koraltekki.hu\/wp-content\/uploads\/2016\/06\/uef-oklevelshort-106x150.jpg 106w, http:\/\/www.koraltekki.hu\/wp-content\/uploads\/2016\/06\/uef-oklevelshort.jpg 370w\" sizes=\"(max-width: 473px) 100vw, 473px\" \/><\/a><a href=\"http:\/\/www.koraltekki.hu\/wp-content\/uploads\/2014\/10\/pecset.png\"><br \/>\n<\/a><\/p>\n<p>&nbsp;<\/p>\n","protected":false},"excerpt":{"rendered":"<p>\u00a0A KORAL-TEKKI Dive School 2016-t\u00f3l UEF Partner Dive Center\u00a0st\u00e1tuszt kapott UEF \u00a0B\u00e1zisok (ismertet\u0151) Szeretn\u00e9d tov\u00e1bb m\u00e9ly\u00edteni b\u00fav\u00e1rtud\u00e1sod, vagy csak egyszer\u0171en c\u00e9lpontot keresel egy b\u00fav\u00e1rkod\u00f3s nyaral\u00e1shoz? &#8220;V\u00e1lassz a b\u00e1ziskeres\u0151b\u0151l egy min\u0151s\u00edtett UEF b\u00e1zist! A UEF b\u00fav\u00e1rb\u00e1zisoknak \u00e9s oktat\u00f3knak szigor\u00fa k\u00f6vetelm\u00e9nyrendszernek kell megfelelni\u00fck, ez\u00e9rt b\u00e1tran aj\u00e1nljuk szolg\u00e1ltat\u00e1saikat.&#8221; \u00a0UEF.HU oldal alapj\u00e1n UEF Partner \u2026 <a href=\"http:\/\/www.koraltekki.hu\/?page_id=1204\"> Continue reading <span class=\"meta-nav\">&rarr; <\/span><\/a><\/p>\n","protected":false},"author":1,"featured_media":0,"parent":0,"menu_order":0,"comment_status":"closed","ping_status":"open","template":"","meta":[],"_links":{"self":[{"href":"http:\/\/www.koraltekki.hu\/index.php?rest_route=\/wp\/v2\/pages\/1204"}],"collection":[{"href":"http:\/\/www.koraltekki.hu\/index.php?rest_route=\/wp\/v2\/pages"}],"about":[{"href":"http:\/\/www.koraltekki.hu\/index.php?rest_route=\/wp\/v2\/types\/page"}],"author":[{"embeddable":true,"href":"http:\/\/www.koraltekki.hu\/index.php?rest_route=\/wp\/v2\/users\/1"}],"replies":[{"embeddable":true,"href":"http:\/\/www.koraltekki.hu\/index.php?rest_route=%2Fwp%2Fv2%2Fcomments&post=1204"}],"version-history":[{"count":7,"href":"http:\/\/www.koraltekki.hu\/index.php?rest_route=\/wp\/v2\/pages\/1204\/revisions"}],"predecessor-version":[{"id":1415,"href":"http:\/\/www.koraltekki.hu\/index.php?rest_route=\/wp\/v2\/pages\/1204\/revisions\/1415"}],"wp:attachment":[{"href":"http:\/\/www.koraltekki.hu\/index.php?rest_route=%2Fwp%2Fv2%2Fmedia&parent=1204"}],"curies":[{"name":"wp","href":"https:\/\/api.w.org\/{rel}","templated":true}]}}