{"id":1222,"date":"2016-02-05T17:44:19","date_gmt":"2016-02-05T17:44:19","guid":{"rendered":"http:\/\/www.koraltekki.hu\/?page_id=1222"},"modified":"2016-04-19T17:24:44","modified_gmt":"2016-04-19T17:24:44","slug":"deco-diver","status":"publish","type":"page","link":"http:\/\/www.koraltekki.hu\/?page_id=1222","title":{"rendered":"Deco Diver"},"content":{"rendered":"<p>&nbsp;<\/p>\n<p>A dekompresszi\u00f3 a mai napig mumus az \u201eamerikai\u201d rendszerek sz\u00e1m\u00e1ra, m\u00edg az eur\u00f3pai rendszerek sokkal j\u00f3zanabbul kezelik<\/p>\n<p style=\"text-align: justify;\">A k\u00e9pz\u00e9sben k\u00e9t nagy ir\u00e1nyvonal l\u00e9tezik:<br \/>\nAz \u201eeur\u00f3pai \u201eoktat\u00e1si rendszerek er\u0151s szakmai h\u00e1tt\u00e9rrel indultak el a \u201eadjuk \u00e1t a mer\u00fcl\u00e9s \u00e9lm\u00e9ny\u00e9t a civileknek is\u201d projectbe az 50-es \u00e9vekben.<br \/>\nMunka- \u00e9s katonai b\u00fav\u00e1r m\u00faltjuk garancia volt a szakmai szinvonal biztos\u00edt\u00e1s\u00e1hoz.<br \/>\nFel\u00e9p\u00edtett rendszereik klubalap\u00faak voltak, melyek biztos\u00edtott\u00e1k a tud\u00e1s folyamatos \u00e1tad\u00e1s\u00e1t \u00e9s az ut\u00e1np\u00f3tl\u00e1s szakmai megalapoz\u00e1s\u00e1t. Kem\u00e9ny, edzett, gyakorlott b\u00fav\u00e1rok ker\u00fcltek ki a klubint\u00e9zm\u00e9nyeikb\u0151l.<br \/>\nEz teszi lehet\u0151v\u00e9, hogy m\u00e1r a m\u00e1sodik fokozatn\u00e1l dekompresszi\u00f3s mer\u00fcl\u00e9seket hajtsanak v\u00e9gre<\/p>\n<p style=\"text-align: justify;\">A 60-as \u00e9vekben megjelent j\u00f3p\u00e1r \u00a0 un. \u201eamerikai felfog\u00e1s\u00fa\u201d szervezet, akik profitorient\u00e1lts\u00e1got t\u0171zt\u00e9k a z\u00e1szlaikra<br \/>\n\u00c9les felfog\u00e1sbeli k\u00fcl\u00f6nbs\u00e9g, hogy az \u201eeur\u00f3pai\u201d rendszerek nem tilalomf\u00e1kat haszn\u00e1lnak, hanem a tanit\u00e1s\u00e9t.<br \/>\nAz \u201damerikai\u201d rendszerek vaskos \u00e9s szinte megingathatatlannak l\u00e1tsz\u00f3 tilalomf\u00e1kat vertek le (l\u00e1sd pl 40 m hat\u00e1r, dekompresszi\u00f3).<br \/>\nAz alapos OWD k\u00e9pz\u00e9sb\u0151l gyakorlatilag \u201ekiszerveztek\u201d mindent \u00e9s rendkiv\u00fcl lecsupasz\u00edtott tanfolyamokat alkottak.<br \/>\nA \u201ekiszervezett\u201d tud\u00e1st pedig \u2013 a remek amerika marketing elv alapj\u00e1n \u2013 specialist\u00e1snak nevezett, alig p\u00e1r \u00f3r\u00e1s \u201efejt\u00e1g\u00edt\u00e1son \u201e \u00e9rt\u00e9kes\u00edtik.<br \/>\n\u00cdgy a dekompresszi\u00f3s mer\u00fcl\u00e9sekhez val\u00f3 k\u00e9pzetts\u00e9get csak hossz\u00fa \u00e9s k\u00f6lts\u00e9ges \u00faton lehets\u00e9ges megszerezni<\/p>\n<p style=\"text-align: left;\">A tanfolyam c\u00e9lja, hogy a megl\u00e9v\u0151 \u0171rt bet\u00f6ltse \u00e9s lehet\u0151v\u00e9 tegye az \u201eamerikai\u201d rendszerben k\u00e9pes\u00edt\u00e9st szerzetteknek, hogy speci\u00e1lis esetekben fell\u00e9p\u0151 (p\u00e9ld\u00e1ul szafariz\u00e1s, sok ism\u00e9telt mer\u00fcl\u00e9s) dekompresszi\u00f3s mer\u00fcl\u00e9seket biztons\u00e1gosan v\u00e9gre tudj\u00e1k hajtani.<\/p>\n<p style=\"text-align: left;\">Azoknak a b\u00fav\u00e1roknak javasoljuk, akik \u00a0biztos b\u00fav\u00e1rtud\u00e1ssal rendelkeznek, a nitrog\u00e9n szint &#8220;fel\u00e9p\u00fcl\u00e9s\u00e9t&#8221; azaz dekompresszi\u00f3 elker\u00fcl\u00e9s\u00e9t a &#8220;hagyom\u00e1nyos&#8221; m\u00f3dszerek (Multi-level mer\u00fcl\u00e9s, NITROX haszn\u00e1lat, stb) m\u00e1r nem tudj\u00e1k biztos\u00edtani (sorozatos ism\u00e9telt mer\u00fcl\u00e9sek).<\/p>\n<p style=\"text-align: left;\">Sz\u00e1mukra megold\u00e1s a DECO Diver specialit\u00e1s, ahol elsaj\u00e1t\u00edthatj\u00e1k a dekompresszi\u00f3s mer\u00fcl\u00e9sek elm\u00e9let\u00e9t \u00e9s gyakorlati v\u00e9grehajt\u00e1s\u00e1t.<\/p>\n<p>R\u00e9szv\u00e9teli felt\u00e9telek:<\/p>\n<ul>\n<li>minimum bet\u00f6lt\u00f6tt 15 \u00e9v .<\/li>\n<li>minimum OWD k\u00e9pzetts\u00e9g<\/li>\n<li>minimum 30 regisztr\u00e1lt mer\u00fcl\u00e9s<\/li>\n<li>\u00e9rv\u00e9nyes orvosi igazol\u00e1s<\/li>\n<li>\u00e9rv\u00e9nyes b\u00fav\u00e1r biztos\u00edt\u00e1s<\/li>\n<li>biztos lebeg\u0151k\u00e9pess\u00e9g (ellen\u0151rz\u00e9sre ker\u00fcl)<\/li>\n<\/ul>\n<p>&nbsp;<\/p>\n<p><img loading=\"lazy\" class=\"  wp-image-1103 alignleft\" src=\"http:\/\/www.koraltekki.hu\/wp-content\/uploads\/2015\/10\/IMG_3127-300x200.jpg\" alt=\"IMG_3127\" width=\"752\" height=\"501\" srcset=\"http:\/\/www.koraltekki.hu\/wp-content\/uploads\/2015\/10\/IMG_3127-300x200.jpg 300w, http:\/\/www.koraltekki.hu\/wp-content\/uploads\/2015\/10\/IMG_3127-1024x683.jpg 1024w, http:\/\/www.koraltekki.hu\/wp-content\/uploads\/2015\/10\/IMG_3127-225x150.jpg 225w, http:\/\/www.koraltekki.hu\/wp-content\/uploads\/2015\/10\/IMG_3127-150x100.jpg 150w, http:\/\/www.koraltekki.hu\/wp-content\/uploads\/2015\/10\/IMG_3127.jpg 1200w\" sizes=\"(max-width: 752px) 100vw, 752px\" \/><\/p>\n","protected":false},"excerpt":{"rendered":"<p>&nbsp; A dekompresszi\u00f3 a mai napig mumus az \u201eamerikai\u201d rendszerek sz\u00e1m\u00e1ra, m\u00edg az eur\u00f3pai rendszerek sokkal j\u00f3zanabbul kezelik A k\u00e9pz\u00e9sben k\u00e9t nagy ir\u00e1nyvonal l\u00e9tezik: Az \u201eeur\u00f3pai \u201eoktat\u00e1si rendszerek er\u0151s szakmai h\u00e1tt\u00e9rrel indultak el a \u201eadjuk \u00e1t a mer\u00fcl\u00e9s \u00e9lm\u00e9ny\u00e9t a civileknek is\u201d projectbe az 50-es \u00e9vekben. Munka- \u00e9s katonai b\u00fav\u00e1r \u2026 <a href=\"http:\/\/www.koraltekki.hu\/?page_id=1222\"> Continue reading <span class=\"meta-nav\">&rarr; <\/span><\/a><\/p>\n","protected":false},"author":1,"featured_media":0,"parent":0,"menu_order":0,"comment_status":"closed","ping_status":"open","template":"","meta":[],"_links":{"self":[{"href":"http:\/\/www.koraltekki.hu\/index.php?rest_route=\/wp\/v2\/pages\/1222"}],"collection":[{"href":"http:\/\/www.koraltekki.hu\/index.php?rest_route=\/wp\/v2\/pages"}],"about":[{"href":"http:\/\/www.koraltekki.hu\/index.php?rest_route=\/wp\/v2\/types\/page"}],"author":[{"embeddable":true,"href":"http:\/\/www.koraltekki.hu\/index.php?rest_route=\/wp\/v2\/users\/1"}],"replies":[{"embeddable":true,"href":"http:\/\/www.koraltekki.hu\/index.php?rest_route=%2Fwp%2Fv2%2Fcomments&post=1222"}],"version-history":[{"count":11,"href":"http:\/\/www.koraltekki.hu\/index.php?rest_route=\/wp\/v2\/pages\/1222\/revisions"}],"predecessor-version":[{"id":1344,"href":"http:\/\/www.koraltekki.hu\/index.php?rest_route=\/wp\/v2\/pages\/1222\/revisions\/1344"}],"wp:attachment":[{"href":"http:\/\/www.koraltekki.hu\/index.php?rest_route=%2Fwp%2Fv2%2Fmedia&parent=1222"}],"curies":[{"name":"wp","href":"https:\/\/api.w.org\/{rel}","templated":true}]}}