{"id":163,"date":"2015-01-23T23:03:42","date_gmt":"2015-01-23T23:03:42","guid":{"rendered":"http:\/\/www.koraltekki.hu\/?page_id=163"},"modified":"2015-01-29T18:14:23","modified_gmt":"2015-01-29T18:14:23","slug":"merulesvezeto-dm","status":"publish","type":"page","link":"http:\/\/www.koraltekki.hu\/?page_id=163","title":{"rendered":"Mer\u00fcl\u00e9svezet\u0151\/ DM"},"content":{"rendered":"<p><strong>CMAS Mer\u00fcl\u00e9svezet\u0151 (***) b\u00fav\u00e1rtanfolyam<\/strong><\/p>\n<p>A CMAS\u00a0 Mer\u00fcl\u00e9svezet\u0151 (***) egy teljesen kik\u00e9pzettt, gyakorlott, felel\u00f5ss\u00e9gteljes b\u00fav\u00e1r, aki alkalmas \u00e1tgondoltan ir\u00e1ny\u00edtani m\u00e1s, b\u00e1rmilyen fokozat\u00fa b\u00fav\u00e1rt ny\u00edltv\u00edzi mer\u00fcl\u00e9s sor\u00e1n<\/p>\n<p><strong><em>A\u00a0 tanfolyam fel\u00e9p\u00edt\u00e9se:<br \/>\n<\/em><\/strong><\/p>\n<p>&#8211; elm\u00e9leti oktat\u00e1s, el\u0151ad\u00e1sok tart\u00e1sa tanfolyamon<br \/>\n&#8211; uszodai oktat\u00e1s, asszisztencia uszod\u00e1ban tanfolyamon,<br \/>\n&#8211; nyiltviz mer\u00fcl\u00e9sek \u00e9s asszistencia tanfolyamon<br \/>\n<strong><em>A\u00a0 tanfolyam anyaga:<\/em><\/strong><\/p>\n<p><strong><em>Elm\u00e9leti ismeretek<\/em><\/strong><\/p>\n<p>\u00c1tfog\u00f3 ismeretekkel kell rendelkeznie a k\u00f6vetkez\u00f5kr\u00f5l:<br \/>\n&#8211; A mer\u00fcl\u00e9s fizik\u00e1ja, \u00e9lettana, a mer\u00fcl\u00e9ssel kapcsolatos betegs\u00e9gek \u00e9s rendelleness\u00e9gek okai, hat\u00e1sai \u00e9s a kezel\u00e9s\u00fck.<br \/>\n&#8211; B\u00fav\u00e1r els\u00f5seg\u00e9lyny\u00fajt\u00e1s, \u00fajra\u00e9leszt\u00e9si technik\u00e1k. A 30 m\u00e9tern\u00e9l nagyobb m\u00e9lys\u00e9gekbe t\u00f6rt\u00e9n\u00f5 mer\u00fcl\u00e9sekkel kapcsolatos probl\u00e9m\u00e1k, leveg\u00f5sz\u00fcks\u00e9glet sz\u00e1m\u00edt\u00e1sa,<br \/>\n&#8211; Dekompresszi\u00f3s t\u00e1bl\u00e1zatok helyes haszn\u00e1lata.<br \/>\n&#8211; A mer\u00fcl\u00e9s helyszin\u00e9nek kiv\u00e1laszt\u00e1sa, a mer\u00fcl\u00e9stervez\u00e9s alapelvei, a b\u00fav\u00e1rok kiv\u00e1laszt\u00e1sa \u00e9s ki\u00e9rt\u00e9kel\u00e9se.<br \/>\n&#8211; A v\u00edz alatti t\u00e1j\u00e9koz\u00f3d\u00e1s elm\u00e9lete \u00e9s gyakorlata.<br \/>\n&#8211; Alapvet\u00f5 haj\u00f3z\u00e1si ismeretek \u00e9s kishaj\u00f3 vezet\u00e9si ismeretek.<br \/>\n&#8211; N\u00f6v\u00e9ny \u00e9s az \u00e1llatvil\u00e1g, vagy a helyi \u00e9s az id\u00f5j\u00e1r\u00e1si k\u00f6r\u00fclm\u00e9nyek okozta vesz\u00e9lyek.<br \/>\n&#8211; A b\u00fav\u00e1rok jogi felel\u00f5ss\u00e9ge.<\/p>\n<p><strong><em>Gyakorlati tud\u00e1s<\/em><\/strong><\/p>\n<p>Rendelkezzen teljes k\u00f6r\u00fb ismeretekkel a k\u00f6nny\u00fbb\u00fav\u00e1r felszerel\u00e9si t\u00e1rgyakr\u00f3l \u00e9s haszn\u00e1lat\u00e1r\u00f3l b\u00e1rmilyen m\u00e9lys\u00e9gben.<br \/>\n&#8211; Legyen gyakorlata a csoportos b\u00fav\u00e1rtev\u00e9kenys\u00e9gek megszervez\u00e9s\u00e9ben partr\u00f3l \u00e9s haj\u00f3r\u00f3l.<br \/>\n&#8211; Legyen j\u00e1rtas az \u00f6n- \u00e9s t\u00e1rsment\u00e9si technik\u00e1kban 10 &#8211; 56 m\u00e9ter k\u00f6z\u00f6tti m\u00e9lys\u00e9gben, \u00e9s a s\u00e9r\u00fclt gondoz\u00e1s\u00e1ban, ell\u00e1t\u00e1s\u00e1ban.<\/p>\n<p><strong><em>R\u00e9szv\u00e9teli felt\u00e9tel:<\/em><\/strong><\/p>\n<p>&#8211; Bet\u00f6lt\u00f6tt\u00a0\u00a0 16.\u00a0 \u00e9let\u00e9v.<br \/>\n&#8211; Rendelkezzen CMAS Halad\u00f3\u00a0vagy azzal egyen\u00e9rt\u00e9k\u00fb min\u00f5s\u00edt\u00e9ssel.<br \/>\n&#8211; sikeres el\u0151felv\u00e9teli vizsga(el\u0151zetes tud\u00e1s felm\u00e9r\u00e9s)<br \/>\n&#8211; nincs meghat\u00e1rozott mer\u00fcl\u00e9s sz\u00e1m a tanfolyam megkezd\u00e9s\u00e9ig.<br \/>\n&#8211;\u00a0a min\u00f5s\u00edt\u00e9s megszerz\u00e9s\u00e9ig legal\u00e1bb 70 ny\u00edltv\u00edzi mer\u00fcl\u00e9ssel kell rendelkeznie, amelyb\u00f5l 30 mer\u00fcl\u00e9snek 30 m\u00e9ter k\u00f6r\u00fcli m\u00e9lys\u00e9g\u0171nek kell lennie.<br \/>\n<strong><em>A tanfolyam d\u00edja:<\/em><\/strong> egy\u00e9ni \u00e1r (f\u00fcgg az el\u0151zetes felm\u00e9r\u00e9s eredm\u00e9ny\u00e9t\u0151l)<\/p>\n<p><strong><em>A\u00a0 tanfolyamd\u00edj mag\u00e1ban foglalja:<\/em><\/strong><\/p>\n<p>&#8211; az esetleges felz\u00e1rk\u00f3ztat\u00e1s k\u00f6lts\u00e9geit,<br \/>\n&#8211; elm\u00e9leti oktat\u00e1st, jegyzeteket,<br \/>\n&#8211; uszodai oktat\u00e1st\u00a0 t\u00f6lt\u00e9ssel, bel\u00e9p\u0151vel\u00a0 egy\u00fctt)<\/p>\n<p><strong><em>Nem tartalmazza:<\/em><\/strong><\/p>\n<p>&#8211;\u00a0 sz\u00e1ll\u00e1st,<br \/>\n&#8211;\u00a0 utaz\u00e1st,<br \/>\n&#8211;\u00a0 felszerel\u00e9st nem (saj\u00e1t felszerel\u00e9s sz\u00fcks\u00e9ges)<br \/>\n&#8211;\u00a0 k\u00fclf\u00f6ldi mer\u00fcl\u00e9sek \u00e9s vizsga k\u00f6lts\u00e9geit,<br \/>\n&#8211;\u00a0 nemzetk\u00f6zi regisztr\u00e1ci\u00f3 d\u00edjat. (14.500 Ft)<\/p>\n<p><a href=\"http:\/\/www.koraltekki.hu\/wp-content\/uploads\/2015\/01\/100_7940__1422555040_98954.jpg\"><img loading=\"lazy\" class=\"alignnone  wp-image-366\" src=\"http:\/\/www.koraltekki.hu\/wp-content\/uploads\/2015\/01\/100_7940__1422555040_98954-300x225.jpg\" alt=\"100_7940__1422555040_98954\" width=\"641\" height=\"481\" srcset=\"http:\/\/www.koraltekki.hu\/wp-content\/uploads\/2015\/01\/100_7940__1422555040_98954-300x225.jpg 300w, http:\/\/www.koraltekki.hu\/wp-content\/uploads\/2015\/01\/100_7940__1422555040_98954-1024x768.jpg 1024w\" sizes=\"(max-width: 641px) 100vw, 641px\" \/><\/a><\/p>\n","protected":false},"excerpt":{"rendered":"<p>CMAS Mer\u00fcl\u00e9svezet\u0151 (***) b\u00fav\u00e1rtanfolyam A CMAS\u00a0 Mer\u00fcl\u00e9svezet\u0151 (***) egy teljesen kik\u00e9pzettt, gyakorlott, felel\u00f5ss\u00e9gteljes b\u00fav\u00e1r, aki alkalmas \u00e1tgondoltan ir\u00e1ny\u00edtani m\u00e1s, b\u00e1rmilyen fokozat\u00fa b\u00fav\u00e1rt ny\u00edltv\u00edzi mer\u00fcl\u00e9s sor\u00e1n A\u00a0 tanfolyam fel\u00e9p\u00edt\u00e9se: &#8211; elm\u00e9leti oktat\u00e1s, el\u0151ad\u00e1sok tart\u00e1sa tanfolyamon &#8211; uszodai oktat\u00e1s, asszisztencia uszod\u00e1ban tanfolyamon, &#8211; nyiltviz mer\u00fcl\u00e9sek \u00e9s asszistencia tanfolyamon A\u00a0 tanfolyam anyaga: Elm\u00e9leti \u2026 <a href=\"http:\/\/www.koraltekki.hu\/?page_id=163\"> Continue reading <span class=\"meta-nav\">&rarr; <\/span><\/a><\/p>\n","protected":false},"author":1,"featured_media":0,"parent":0,"menu_order":0,"comment_status":"closed","ping_status":"open","template":"","meta":[],"_links":{"self":[{"href":"http:\/\/www.koraltekki.hu\/index.php?rest_route=\/wp\/v2\/pages\/163"}],"collection":[{"href":"http:\/\/www.koraltekki.hu\/index.php?rest_route=\/wp\/v2\/pages"}],"about":[{"href":"http:\/\/www.koraltekki.hu\/index.php?rest_route=\/wp\/v2\/types\/page"}],"author":[{"embeddable":true,"href":"http:\/\/www.koraltekki.hu\/index.php?rest_route=\/wp\/v2\/users\/1"}],"replies":[{"embeddable":true,"href":"http:\/\/www.koraltekki.hu\/index.php?rest_route=%2Fwp%2Fv2%2Fcomments&post=163"}],"version-history":[{"count":4,"href":"http:\/\/www.koraltekki.hu\/index.php?rest_route=\/wp\/v2\/pages\/163\/revisions"}],"predecessor-version":[{"id":368,"href":"http:\/\/www.koraltekki.hu\/index.php?rest_route=\/wp\/v2\/pages\/163\/revisions\/368"}],"wp:attachment":[{"href":"http:\/\/www.koraltekki.hu\/index.php?rest_route=%2Fwp%2Fv2%2Fmedia&parent=163"}],"curies":[{"name":"wp","href":"https:\/\/api.w.org\/{rel}","templated":true}]}}