{"id":1943,"date":"2018-11-15T15:21:12","date_gmt":"2018-11-15T15:21:12","guid":{"rendered":"http:\/\/www.koraltekki.hu\/?page_id=1943"},"modified":"2020-06-02T15:10:47","modified_gmt":"2020-06-02T15:10:47","slug":"luxusbusszal","status":"publish","type":"page","link":"http:\/\/www.koraltekki.hu\/?page_id=1943","title":{"rendered":"Luxusbusszal"},"content":{"rendered":"<p>A Biograd na moru v\u00e1ros\u00e1ban nyaralni sz\u00e1nd\u00e9koz\u00f3k sz\u00e1m\u00e1ra \u2013 ig\u00e9ny eset\u00e9n \u2013 segits\u00e9get ny\u00fajtunk luxus, k\u00e9tszintes busszal t\u00f6rt\u00e9n\u0151 utaz\u00e1s megszervez\u00e9s\u00e9hez. A busz viteld\u00edja (1 szem\u00e9ly eset\u00e9n) cca 10.000 HUF (2018-as adat)<\/p>\n<p>Mai adat (2020.06.02)<\/p>\n<p><a href=\"https:\/\/shop.flixbus.hu\/search?departureCity=1795&amp;arrivalCity=6338&amp;route=Budapest-Biograd+na+Moru&amp;rideDate=26.06.2020&amp;adult=1&amp;_locale=hu&amp;features%5Bfeature.darken_page%5D=1&amp;wt_eid=2159111028713302535&amp;wt_t=1591110421034&amp;affiliate=%28not+set%29%2C&amp;currency=HUF&amp;multitrips=0&amp;atb_pdid=858e80b2-25a6-4aec-871f-82bd12909ece&amp;_sp=f92bf6f5-72d6-4210-934e-91007a7a0086\">https:\/\/shop.flixbus.hu\/search?departureCity=1795&amp;arrivalCity=6338&amp;route=Budapest-Biograd+na+Moru&amp;rideDate=26.06.2020&amp;adult=1&amp;_locale=hu&amp;features%5Bfeature.darken_page%5D=1&amp;wt_eid=2159111028713302535&amp;wt_t=1591110421034&amp;affiliate=%28not+set%29%2C&amp;currency=HUF&amp;multitrips=0&amp;atb_pdid=858e80b2-25a6-4aec-871f-82bd12909ece&amp;_sp=f92bf6f5-72d6-4210-934e-91007a7a0086<\/a><\/p>\n<p>A busz \u00fatvonala a lenti t\u00e9rk\u00e9pen l\u00e1that\u00f3:<\/p>\n<p><a href=\"http:\/\/www.koraltekki.hu\/wp-content\/uploads\/2018\/11\/bpbiograd.jpg\"><img loading=\"lazy\" class=\" wp-image-1959 alignleft\" src=\"http:\/\/www.koraltekki.hu\/wp-content\/uploads\/2018\/11\/bpbiograd-169x300.jpg\" alt=\"\" width=\"612\" height=\"1087\" srcset=\"http:\/\/www.koraltekki.hu\/wp-content\/uploads\/2018\/11\/bpbiograd-169x300.jpg 169w, http:\/\/www.koraltekki.hu\/wp-content\/uploads\/2018\/11\/bpbiograd-768x1365.jpg 768w, http:\/\/www.koraltekki.hu\/wp-content\/uploads\/2018\/11\/bpbiograd-576x1024.jpg 576w, http:\/\/www.koraltekki.hu\/wp-content\/uploads\/2018\/11\/bpbiograd-84x150.jpg 84w, http:\/\/www.koraltekki.hu\/wp-content\/uploads\/2018\/11\/bpbiograd.jpg 1080w\" sizes=\"(max-width: 612px) 100vw, 612px\" \/><\/a><\/p>\n<p>&nbsp;<\/p>\n<p>&nbsp;<\/p>\n<p><a href=\"http:\/\/www.koraltekki.hu\/wp-content\/uploads\/2018\/11\/42583-flixbus_munchenben.jpg\"><img loading=\"lazy\" class=\" wp-image-1944 alignleft\" src=\"http:\/\/www.koraltekki.hu\/wp-content\/uploads\/2018\/11\/42583-flixbus_munchenben-300x200.jpg\" alt=\"\" width=\"614\" height=\"410\" srcset=\"http:\/\/www.koraltekki.hu\/wp-content\/uploads\/2018\/11\/42583-flixbus_munchenben-300x200.jpg 300w, http:\/\/www.koraltekki.hu\/wp-content\/uploads\/2018\/11\/42583-flixbus_munchenben-768x512.jpg 768w, http:\/\/www.koraltekki.hu\/wp-content\/uploads\/2018\/11\/42583-flixbus_munchenben-1024x683.jpg 1024w, http:\/\/www.koraltekki.hu\/wp-content\/uploads\/2018\/11\/42583-flixbus_munchenben-225x150.jpg 225w, http:\/\/www.koraltekki.hu\/wp-content\/uploads\/2018\/11\/42583-flixbus_munchenben-150x100.jpg 150w\" sizes=\"(max-width: 614px) 100vw, 614px\" \/><\/a><\/p>\n","protected":false},"excerpt":{"rendered":"<p>A Biograd na moru v\u00e1ros\u00e1ban nyaralni sz\u00e1nd\u00e9koz\u00f3k sz\u00e1m\u00e1ra \u2013 ig\u00e9ny eset\u00e9n \u2013 segits\u00e9get ny\u00fajtunk luxus, k\u00e9tszintes busszal t\u00f6rt\u00e9n\u0151 utaz\u00e1s megszervez\u00e9s\u00e9hez. A busz viteld\u00edja (1 szem\u00e9ly eset\u00e9n) cca 10.000 HUF (2018-as adat) Mai adat (2020.06.02) https:\/\/shop.flixbus.hu\/search?departureCity=1795&amp;arrivalCity=6338&amp;route=Budapest-Biograd+na+Moru&amp;rideDate=26.06.2020&amp;adult=1&amp;_locale=hu&amp;features%5Bfeature.darken_page%5D=1&amp;wt_eid=2159111028713302535&amp;wt_t=1591110421034&amp;affiliate=%28not+set%29%2C&amp;currency=HUF&amp;multitrips=0&amp;atb_pdid=858e80b2-25a6-4aec-871f-82bd12909ece&amp;_sp=f92bf6f5-72d6-4210-934e-91007a7a0086 A busz \u00fatvonala a lenti t\u00e9rk\u00e9pen l\u00e1that\u00f3: &nbsp; &nbsp;<\/p>\n","protected":false},"author":1,"featured_media":0,"parent":0,"menu_order":0,"comment_status":"closed","ping_status":"closed","template":"","meta":[],"_links":{"self":[{"href":"http:\/\/www.koraltekki.hu\/index.php?rest_route=\/wp\/v2\/pages\/1943"}],"collection":[{"href":"http:\/\/www.koraltekki.hu\/index.php?rest_route=\/wp\/v2\/pages"}],"about":[{"href":"http:\/\/www.koraltekki.hu\/index.php?rest_route=\/wp\/v2\/types\/page"}],"author":[{"embeddable":true,"href":"http:\/\/www.koraltekki.hu\/index.php?rest_route=\/wp\/v2\/users\/1"}],"replies":[{"embeddable":true,"href":"http:\/\/www.koraltekki.hu\/index.php?rest_route=%2Fwp%2Fv2%2Fcomments&post=1943"}],"version-history":[{"count":8,"href":"http:\/\/www.koraltekki.hu\/index.php?rest_route=\/wp\/v2\/pages\/1943\/revisions"}],"predecessor-version":[{"id":2299,"href":"http:\/\/www.koraltekki.hu\/index.php?rest_route=\/wp\/v2\/pages\/1943\/revisions\/2299"}],"wp:attachment":[{"href":"http:\/\/www.koraltekki.hu\/index.php?rest_route=%2Fwp%2Fv2%2Fmedia&parent=1943"}],"curies":[{"name":"wp","href":"https:\/\/api.w.org\/{rel}","templated":true}]}}