{"id":1990,"date":"2018-12-15T19:39:03","date_gmt":"2018-12-15T19:39:03","guid":{"rendered":"http:\/\/www.koraltekki.hu\/?page_id=1990"},"modified":"2018-12-16T17:38:42","modified_gmt":"2018-12-16T17:38:42","slug":"felszereles-ertekesites","status":"publish","type":"page","link":"http:\/\/www.koraltekki.hu\/?page_id=1990","title":{"rendered":"Felszerel\u00e9s \u00e9rt\u00e9kes\u00edt\u00e9s"},"content":{"rendered":"<p>Tisztelt Klubtagok, n\u00e1lunk v\u00e9gzett b\u00fav\u00e1rok, vel\u00fcnk t\u00far\u00e1z\u00f3 \/ mer\u00fcl\u0151 b\u00fav\u00e1rok!<\/p>\n<p>Ezen az oldalon lehet\u0151s\u00e9get biztos\u00edtunk feleslegess\u00e9 v\u00e1lt felszerel\u00e9si t\u00e1rgyaitok \u00e9rt\u00e9kes\u00edt\u00e9s\u00e9re.<br \/>\nAjanlatunk kiz\u00e1r\u00f3lag csak saj\u00e1t felszerel\u00e9si t\u00e1rgyakra vonatkozik, amennyiben azok \u00e1llapota hib\u00e1tlan.<\/p>\n<p>A v\u00e1s\u00e1rl\u00e1s mindenki sz\u00e1m\u00e1ra lehets\u00e9ges.<\/p>\n<p><a href=\"http:\/\/www.koraltekki.hu\/wp-content\/uploads\/2018\/12\/DSC_0060.jpg\"><br \/>\n<img loading=\"lazy\" class=\" wp-image-1991 alignleft\" src=\"http:\/\/www.koraltekki.hu\/wp-content\/uploads\/2018\/12\/DSC_0060-300x201.jpg\" alt=\"\" width=\"724\" height=\"485\" srcset=\"http:\/\/www.koraltekki.hu\/wp-content\/uploads\/2018\/12\/DSC_0060-300x201.jpg 300w, http:\/\/www.koraltekki.hu\/wp-content\/uploads\/2018\/12\/DSC_0060-768x514.jpg 768w, http:\/\/www.koraltekki.hu\/wp-content\/uploads\/2018\/12\/DSC_0060-1024x685.jpg 1024w, http:\/\/www.koraltekki.hu\/wp-content\/uploads\/2018\/12\/DSC_0060-224x150.jpg 224w, http:\/\/www.koraltekki.hu\/wp-content\/uploads\/2018\/12\/DSC_0060-150x100.jpg 150w\" sizes=\"(max-width: 724px) 100vw, 724px\" \/><\/a><\/p>\n","protected":false},"excerpt":{"rendered":"<p>Tisztelt Klubtagok, n\u00e1lunk v\u00e9gzett b\u00fav\u00e1rok, vel\u00fcnk t\u00far\u00e1z\u00f3 \/ mer\u00fcl\u0151 b\u00fav\u00e1rok! Ezen az oldalon lehet\u0151s\u00e9get biztos\u00edtunk feleslegess\u00e9 v\u00e1lt felszerel\u00e9si t\u00e1rgyaitok \u00e9rt\u00e9kes\u00edt\u00e9s\u00e9re. Ajanlatunk kiz\u00e1r\u00f3lag csak saj\u00e1t felszerel\u00e9si t\u00e1rgyakra vonatkozik, amennyiben azok \u00e1llapota hib\u00e1tlan. A v\u00e1s\u00e1rl\u00e1s mindenki sz\u00e1m\u00e1ra lehets\u00e9ges.<\/p>\n","protected":false},"author":1,"featured_media":0,"parent":0,"menu_order":0,"comment_status":"closed","ping_status":"closed","template":"","meta":[],"_links":{"self":[{"href":"http:\/\/www.koraltekki.hu\/index.php?rest_route=\/wp\/v2\/pages\/1990"}],"collection":[{"href":"http:\/\/www.koraltekki.hu\/index.php?rest_route=\/wp\/v2\/pages"}],"about":[{"href":"http:\/\/www.koraltekki.hu\/index.php?rest_route=\/wp\/v2\/types\/page"}],"author":[{"embeddable":true,"href":"http:\/\/www.koraltekki.hu\/index.php?rest_route=\/wp\/v2\/users\/1"}],"replies":[{"embeddable":true,"href":"http:\/\/www.koraltekki.hu\/index.php?rest_route=%2Fwp%2Fv2%2Fcomments&post=1990"}],"version-history":[{"count":4,"href":"http:\/\/www.koraltekki.hu\/index.php?rest_route=\/wp\/v2\/pages\/1990\/revisions"}],"predecessor-version":[{"id":2022,"href":"http:\/\/www.koraltekki.hu\/index.php?rest_route=\/wp\/v2\/pages\/1990\/revisions\/2022"}],"wp:attachment":[{"href":"http:\/\/www.koraltekki.hu\/index.php?rest_route=%2Fwp%2Fv2%2Fmedia&parent=1990"}],"curies":[{"name":"wp","href":"https:\/\/api.w.org\/{rel}","templated":true}]}}