{"id":202,"date":"2015-01-24T20:03:39","date_gmt":"2015-01-24T20:03:39","guid":{"rendered":"http:\/\/www.koraltekki.hu\/?page_id=202"},"modified":"2015-02-24T17:15:31","modified_gmt":"2015-02-24T17:15:31","slug":"tek-tanfolyamok","status":"publish","type":"page","link":"http:\/\/www.koraltekki.hu\/?page_id=202","title":{"rendered":"Tec tanfolyamok"},"content":{"rendered":"<p><strong>Technikai b\u00fav\u00e1rkod\u00e1s<\/strong><\/p>\n<p>A technikai b\u00fav\u00e1rkod\u00e1s fogalm\u00e1t Michael Mendunoki, az az\u00f3ta m\u00e1r megsz\u0171nt Aquacorp magazin szerkeszt\u0151je hozta be a k\u00f6ztudatba 1991-ben. A fogalom \u00e9s a koncepci\u00f3 (Technikai b\u00fav\u00e1rkod\u00e1s, TEC diving) viszonylag friss kelet\u0171, \u00e1m maga a technikai mer\u00fcl\u00e9s igen r\u00e9gr\u0151l ismert.<br \/>\nA\u00a0 klasszikus fogalom meghat\u00e1roz\u00e1s szerint a technikai mer\u00fcl\u00e9s (TEC mer\u00fcl\u00e9s) a k\u00f6nny\u0171b\u00fav\u00e1rkod\u00e1s azon form\u00e1ja,\u00a0\u00a0 amely sor\u00e1n a b\u00fav\u00e1r\u00a0 t\u00fall\u00e9pi a\u00a0 szabadid\u0151s b\u00fav\u00e1rkod\u00e1s hat\u00e1rait (b\u00e1r l\u00e9nyeg\u00e9ben a\u00a0 technikai mer\u00fcl\u00e9sek c\u00e9lja is nagyr\u00e9szt puszta\u00a0 kikapcsol\u00f3d\u00e1s, semmi m\u00e1s). A technikai b\u00fav\u00e1rkod\u00e1s\u00a0 (mer\u00fcl\u00e9s) magasabb szint\u0171 k\u00e9pz\u00e9st \u00e9s t\u00f6bb\u00a0 gyakorlatot ig\u00e9nyel, &#8220;k\u00fcl\u00f6nleges&#8221; felszerel\u00e9sre van sz\u00fcks\u00e9g; a l\u00e9gz\u0151g\u00e1z is gyakran m\u00e1s, mint a leveg\u0151 vagy szabv\u00e1ny nitrox.<\/p>\n<p><strong>Technikai tanfolyamok<\/strong><\/p>\n<p>A CMAS szervezetet haditenger\u00e9szeti \u00e9s ipari b\u00fav\u00e1rok hozt\u00e1k l\u00e9tre. C\u00e9ljuk az volt, hogy tud\u00e1suk \u00e9s tapasztalataik \u00e1tad\u00e1s\u00e1val a b\u00fav\u00e1rkod\u00e1s a civilek sz\u00e1m\u00e1ra is el\u00e9rhet\u0151 sport\u00e1gg\u00e1 v\u00e1lj\u00e9k.<\/p>\n<p>A CMAS alap\u00edt\u00f3i koncepci\u00f3ja, miszerint magasan k\u00e9pzett, sz\u00e9les felszerel\u00e9s ismerettel b\u00edr\u00f3\u00a0 \u00e9s k\u00fcl\u00f6nleges k\u00f6r\u00fclm\u00e9nyek k\u00f6z\u00f6tt is biztons\u00e1gosan mer\u00fcl\u0151 b\u00fav\u00e1rokat k\u00e9pezzen, mindm\u00e1ig megmaradt.<br \/>\nMivel iskol\u00e1nk CMAS oktat\u00e1st is v\u00e9gez, ahol a mer\u00fcl\u0151 b\u00fav\u00e1r hat\u00e1rozza meg a mer\u00fcl\u00e9shez sz\u00fcks\u00e9ges eszk\u00f6z\u00f6ket, azaz v\u00e1laszt\u00e1si szabads\u00e1ga van, a felszerel\u00e9sek ismerete, a dekompresszi\u00f3s m\u00e9ly mer\u00fcl\u00e9sek elm\u00e9lete \u00e9s gyakorlata minden halad\u00f3\u00a0 vagy magasabb k\u00e9pzetts\u00e9g\u0171 b\u00fav\u00e1rt\u00f3l alapelv\u00e1r\u00e1s (p\u00e9ld\u00e1ul\u00a0 a sz\u00e1razruha, Goodman l\u00e1mpa, dupla k\u00e9sz\u00fcl\u00e9k, wing stb. haszn\u00e1lata is),<br \/>\n\u00cdgy technikai mer\u00fcl\u00e9snek csak azokat a mer\u00fcl\u00e9seket tekintj\u00fck, melyeket g\u00e1zv\u00e1lt\u00e1ssal vagy \u00fajral\u00e9gz\u0151vel v\u00e9geznek.<\/p>\n<p>&nbsp;<\/p>\n<p><strong>R\u00e9szv\u00e9teli felt\u00e9telek \u00e9s\u00a0 jelentkez\u00e9s<\/strong><\/p>\n<p>Krizs\u00e1n Andr\u00e1s Instructor<br \/>\nMobil: +36 30 414 79 20<br \/>\nE-mail: <a href=\"mailto:koraltekkidiving@vipmail.hu\">koraltekkidiving@vipmail.hu<\/a><br \/>\n<a href=\"mailto:krizsanandras@vipmail.hu\">krizsanandras@<\/a>gmail.com<\/p>\n<p>&nbsp;<\/p>\n<p><img loading=\"lazy\" class=\"\" src=\"http:\/\/www.5mp.eu\/honlapkepek\/buvarkaplan\/xOFcvkkmXK\/kicsi\/img_5062.jpg\" alt=\"\" width=\"666\" height=\"443\" border=\"0\" \/><\/p>\n","protected":false},"excerpt":{"rendered":"<p>Technikai b\u00fav\u00e1rkod\u00e1s A technikai b\u00fav\u00e1rkod\u00e1s fogalm\u00e1t Michael Mendunoki, az az\u00f3ta m\u00e1r megsz\u0171nt Aquacorp magazin szerkeszt\u0151je hozta be a k\u00f6ztudatba 1991-ben. A fogalom \u00e9s a koncepci\u00f3 (Technikai b\u00fav\u00e1rkod\u00e1s, TEC diving) viszonylag friss kelet\u0171, \u00e1m maga a technikai mer\u00fcl\u00e9s igen r\u00e9gr\u0151l ismert. A\u00a0 klasszikus fogalom meghat\u00e1roz\u00e1s szerint a technikai mer\u00fcl\u00e9s (TEC mer\u00fcl\u00e9s) \u2026 <a href=\"http:\/\/www.koraltekki.hu\/?page_id=202\"> Continue reading <span class=\"meta-nav\">&rarr; <\/span><\/a><\/p>\n","protected":false},"author":1,"featured_media":0,"parent":0,"menu_order":0,"comment_status":"closed","ping_status":"open","template":"","meta":[],"_links":{"self":[{"href":"http:\/\/www.koraltekki.hu\/index.php?rest_route=\/wp\/v2\/pages\/202"}],"collection":[{"href":"http:\/\/www.koraltekki.hu\/index.php?rest_route=\/wp\/v2\/pages"}],"about":[{"href":"http:\/\/www.koraltekki.hu\/index.php?rest_route=\/wp\/v2\/types\/page"}],"author":[{"embeddable":true,"href":"http:\/\/www.koraltekki.hu\/index.php?rest_route=\/wp\/v2\/users\/1"}],"replies":[{"embeddable":true,"href":"http:\/\/www.koraltekki.hu\/index.php?rest_route=%2Fwp%2Fv2%2Fcomments&post=202"}],"version-history":[{"count":4,"href":"http:\/\/www.koraltekki.hu\/index.php?rest_route=\/wp\/v2\/pages\/202\/revisions"}],"predecessor-version":[{"id":834,"href":"http:\/\/www.koraltekki.hu\/index.php?rest_route=\/wp\/v2\/pages\/202\/revisions\/834"}],"wp:attachment":[{"href":"http:\/\/www.koraltekki.hu\/index.php?rest_route=%2Fwp%2Fv2%2Fmedia&parent=202"}],"curies":[{"name":"wp","href":"https:\/\/api.w.org\/{rel}","templated":true}]}}