{"id":2087,"date":"2019-02-08T17:42:04","date_gmt":"2019-02-08T17:42:04","guid":{"rendered":"http:\/\/www.koraltekki.hu\/?page_id=2087"},"modified":"2019-02-08T17:42:13","modified_gmt":"2019-02-08T17:42:13","slug":"merulesek-a-pasman-szigetvilagban","status":"publish","type":"page","link":"http:\/\/www.koraltekki.hu\/?page_id=2087","title":{"rendered":"Mer\u00fcl\u00e9sek a Pasman szigetvil\u00e1gban"},"content":{"rendered":"<p>Adriai tengeri b\u00fav\u00e1rb\u00e1zisunk j magyar oktat\u00f3val, Biograd na moruban \u00fczemel.<br \/>\nHorv\u00e1t telefonsz\u00e1mom: +385 917254605.<br \/>\nT\u00e1vols\u00e1ga a hat\u00e1rt\u00f3l mind\u00f6ssze 416 km (Letenye). A hat\u00e1rt\u00f3l v\u00e9gig aut\u00f3p\u00e1lya van (A1) a benkovaci kij\u00e1ratig.<br \/>\nA mer\u00fcl\u00e9seket haj\u00f3r\u00f3l v\u00e9gezz\u00fck, amely a napi kihaj\u00f3z\u00e1s sor\u00e1n teljes k\u00e9nyelmet \u00e9s biztons\u00e1got ad a b\u00fav\u00e1roknak (napoz\u00f3 r\u00e9sz, \u00e1rny\u00e9kos r\u00e9sz, WC, k\u00e9nyelmes \u201cnedves r\u00e9sz\u201d, t\u00e1gas bemeneteli pontok \u00e9s komfortos l\u00e9tra a v\u00edz elhagy\u00e1s\u00e1ra, m\u00e9g vill\u00e1mv\u00e9delemmel is el van l\u00e1tva).<br \/>\nMit aj\u00e1nljunk kedves Vend\u00e9geinknek:<br \/>\n\u2013 Professzion\u00e1lis szem\u00e9lyzetet mind a haj\u00f3z\u00e1s, mind a mer\u00fcl\u00e9s sor\u00e1n<br \/>\n\u2013 kisz\u00e1m\u00edthat\u00f3s\u00e1got (nincsenek rejtett k\u00f6lts\u00e9gek)<br \/>\n\u2013 tiszta, k\u00e9nyelmes, robosztus \u00e9p\u00edt\u00e9s\u0171, gyors haj\u00f3t<br \/>\n\u2013 k\u00f6zel 50, aktiv mer\u00fcl\u0151helyet<br \/>\n\u2013 professzion\u00e1lis mer\u00fcl\u00e9svezet\u00e9st<br \/>\n\u2013 fot\u00f3soknak ig\u00e9ny szerinti \u201ct\u00e9ma \u201ckeres\u00e9st<br \/>\n\u2013 Oktat\u00f3knak DM-like t\u00e1mogat\u00e1st (ak\u00e1r tanfolyamokhoz is)<br \/>\n\u2013 csoportoknak fel\u00e1r n\u00e9lk\u00fcli, mer\u00fcl\u0151helyeket j\u00f3l ismer\u0151 guide-kat<br \/>\n\u2013 Oktat\u00f3k\/szervez\u0151k sz\u00e1m\u00e1ra csomagdijat biztositunk a szolg\u00e1ltat\u00e1sok cs\u00f6kkent\u00e9se n\u00e9lk\u00fcl<br \/>\n\u2013 a kedvezm\u00e9nyt\u0151l F\u00dcGGETLEN\u00dcL j\u00e1r a DM\/Guide t\u00e1mogat\u00e1s<br \/>\n\u2013 komplett szolg\u00e1ltat\u00e1st aj\u00e1nlunk (bele\u00e9rtve a sz\u00e1ll\u00e1sfoglal\u00e1st \u00e9s az egy\u00e9ni programok szervez\u00e9s\u00e9t is)<br \/>\n\u2013 nem mer\u00fcl\u0151knek programszervez\u00e9s<br \/>\nAz Oktat\u00f3k figyelm\u00e9be aj\u00e1nljuk az Instructor package szolg\u00e1ltat\u00e1st valamint a NO-LIMIT csomagot (HR-ben egyed\u00fcl itt).<br \/>\nK\u00e9r\u00e9sre ezen opci\u00f3kr\u00f3l r\u00e9szletes inform\u00e1ci\u00f3kat k\u00fcld\u00fcnk.<br \/>\nB\u00e1zis \u00e1rlista: <a href=\"https:\/\/l.facebook.com\/l.php?u=http%3A%2F%2Fwww.koraltekki.hu%2F%3Fpage_id%3D457%26fbclid%3DIwAR0hE2FS1E1MzWPdUBOU7aeyEf0Za4jUl7feoDKyvhfGMXWKqnSWTU8mVxw&amp;h=AT2bnGK20-gKNNKDY0CN8KhlWyOEZdn8i6N6nVjQYbIRylUupK8m6RbyUz1Ww_2wk1roU3Wd1Mh747uvdhezckbu5GFf4eoGsC8qslA-QawTrTdQRCpKOYZJyNQaCJSw\" target=\"_blank\" rel=\"nofollow noopener\" data-lynx-mode=\"hover\">http:\/\/www.koraltekki.hu\/?page_id=457<\/a><br \/>\nA weboldalunk cime: <a href=\"https:\/\/l.facebook.com\/l.php?u=http%3A%2F%2Fwww.koraltekki.hu%2F%3Ffbclid%3DIwAR0wiqwFya2z12p__iIDLnYJCJBDQpEXrlZpj-xNSBqXdkQ-xeGbl7u1GhA&amp;h=AT1ZwJu0NaXqyjUnDeC3F5T3VM4aSt0agMQ5ozGF0jbYEq0rBgAtgFz7RhrzplaGgkql_rSeCQp14xO70hLHPEx6G5odq59YJV6913abIQPPfQPLEHpRMqgh2Sdc4XmZ\" target=\"_blank\" rel=\"nofollow noopener\" data-lynx-mode=\"hover\">www.koraltekki.hu<\/a><br \/>\nR\u00e9szletes inform\u00e1ci\u00f3k a web oldalon kereszt\u00fcl:<br \/>\n(a f\u0151men\u00fcben a \u201cDiving in Biograd men\u00fcponton kereszt\u00fcl)<br \/>\nA b\u00e1zisr\u00f3l: <a href=\"http:\/\/www.koraltekki.hu\/?page_id=661&amp;fbclid=IwAR3aHXvYVc6C7Ie40OCcN0DBga-va6MNT5ZKgqmz2FjyX5uMviA3haYdQWU\" target=\"_blank\" rel=\"nofollow noopener\" data-lynx-mode=\"hover\" data-lynx-uri=\"https:\/\/l.facebook.com\/l.php?u=http%3A%2F%2Fwww.koraltekki.hu%2F%3Fpage_id%3D661%26fbclid%3DIwAR3aHXvYVc6C7Ie40OCcN0DBga-va6MNT5ZKgqmz2FjyX5uMviA3haYdQWU&amp;h=AT1hNKYsf6nAArWLbs6YHxCXfkLOweTgkDu1QbQZ9u_6Eo11X0uumsRHe6X6dRzZ-2CpplM6QiwkLf5dB9ATaKxtnM_C9nBXRTA58LHVg8wBMkOJUfmWkdc4z9S5fWX0\">http:\/\/www.koraltekki.hu\/?page_id=661<\/a><br \/>\nA haj\u00f3r\u00f3l: <a href=\"http:\/\/www.koraltekki.hu\/?page_id=586&amp;fbclid=IwAR34RMqfom061oRezxJWGXSEp3xZfS_k1EAIx1l3H91Aqbxi0JiLgOdexTg\" target=\"_blank\" rel=\"nofollow noopener\" data-lynx-mode=\"hover\" data-lynx-uri=\"https:\/\/l.facebook.com\/l.php?u=http%3A%2F%2Fwww.koraltekki.hu%2F%3Fpage_id%3D586%26fbclid%3DIwAR34RMqfom061oRezxJWGXSEp3xZfS_k1EAIx1l3H91Aqbxi0JiLgOdexTg&amp;h=AT2a4EohtE7vbmzSqP6UgLhE2X9qHufKINwGX7GSYhOOK245wOWC_j9cOMt-IRGVyJ_CA_FqN1ZNBTdnP5n2_cMosXJvR1t4S7rNdFev02N6XVoB7wUftkYpDMelQx9S\">http:\/\/www.koraltekki.hu\/?page_id=586<\/a><br \/>\nA mer\u00fcl\u0151helyekr\u0151l: <a href=\"http:\/\/www.koraltekki.hu\/?page_id=307&amp;fbclid=IwAR3iOWYVVoDX_0_IIC7W8StynGm8Z9bUptHQGug7JTsDUifkCy3eprk7feU\" target=\"_blank\" rel=\"nofollow noopener\" data-lynx-mode=\"hover\" data-lynx-uri=\"https:\/\/l.facebook.com\/l.php?u=http%3A%2F%2Fwww.koraltekki.hu%2F%3Fpage_id%3D307%26fbclid%3DIwAR3iOWYVVoDX_0_IIC7W8StynGm8Z9bUptHQGug7JTsDUifkCy3eprk7feU&amp;h=AT0XoMtaqPF0iRzB0AkIb_8kpPMGdXMKE6j1f46gT-eSJ1tqFYkwa6dvd-0tXB4GIxWUF3TjAwcVOUb_Ho4AAODoizX8hibZIQ7hrRLxDr8pUj65BqrfhnzSecgLssjE\">http:\/\/www.koraltekki.hu\/?page_id=307<\/a><br \/>\nA kisker \u00e1rakr\u00f3l : <a href=\"http:\/\/www.koraltekki.hu\/?page_id=457&amp;fbclid=IwAR3OAYhPvNsAY-TE0OgBo7UCnvj4_4tnXRWNojLNYsXjDAYD1rTgLBAw2I0\" target=\"_blank\" rel=\"nofollow noopener\" data-lynx-mode=\"hover\" data-lynx-uri=\"https:\/\/l.facebook.com\/l.php?u=http%3A%2F%2Fwww.koraltekki.hu%2F%3Fpage_id%3D457%26fbclid%3DIwAR3OAYhPvNsAY-TE0OgBo7UCnvj4_4tnXRWNojLNYsXjDAYD1rTgLBAw2I0&amp;h=AT2bnGK20-gKNNKDY0CN8KhlWyOEZdn8i6N6nVjQYbIRylUupK8m6RbyUz1Ww_2wk1roU3Wd1Mh747uvdhezckbu5GFf4eoGsC8qslA-QawTrTdQRCpKOYZJyNQaCJSw\">http:\/\/www.koraltekki.hu\/?page_id=457<\/a><br \/>\n\u00daj aj\u00e1nlataink : No-limit csomagok, oktat\u00f3i csomagok, szervez\u0151i csomagok. Sz\u00e1ll\u00e1s szervez\u00e9s<\/p>\n<p><a href=\"http:\/\/www.koraltekki.hu\/wp-content\/uploads\/2015\/10\/101_2796.jpg\"><img loading=\"lazy\" class=\" wp-image-1084 alignnone\" src=\"http:\/\/www.koraltekki.hu\/wp-content\/uploads\/2015\/10\/101_2796-300x225.jpg\" alt=\"\" width=\"676\" height=\"507\" srcset=\"http:\/\/www.koraltekki.hu\/wp-content\/uploads\/2015\/10\/101_2796-300x225.jpg 300w, http:\/\/www.koraltekki.hu\/wp-content\/uploads\/2015\/10\/101_2796-1024x768.jpg 1024w, http:\/\/www.koraltekki.hu\/wp-content\/uploads\/2015\/10\/101_2796-200x150.jpg 200w, http:\/\/www.koraltekki.hu\/wp-content\/uploads\/2015\/10\/101_2796-150x113.jpg 150w\" sizes=\"(max-width: 676px) 100vw, 676px\" \/><\/a><\/p>\n<p><a href=\"http:\/\/www.koraltekki.hu\/wp-content\/uploads\/2015\/10\/k-IMG_3024.jpg\"><img loading=\"lazy\" class=\" wp-image-1113 alignnone\" src=\"http:\/\/www.koraltekki.hu\/wp-content\/uploads\/2015\/10\/k-IMG_3024-300x200.jpg\" alt=\"\" width=\"678\" height=\"452\" srcset=\"http:\/\/www.koraltekki.hu\/wp-content\/uploads\/2015\/10\/k-IMG_3024-300x200.jpg 300w, http:\/\/www.koraltekki.hu\/wp-content\/uploads\/2015\/10\/k-IMG_3024-1024x683.jpg 1024w, http:\/\/www.koraltekki.hu\/wp-content\/uploads\/2015\/10\/k-IMG_3024-225x150.jpg 225w, http:\/\/www.koraltekki.hu\/wp-content\/uploads\/2015\/10\/k-IMG_3024-150x100.jpg 150w, http:\/\/www.koraltekki.hu\/wp-content\/uploads\/2015\/10\/k-IMG_3024.jpg 1200w\" sizes=\"(max-width: 678px) 100vw, 678px\" \/><\/a><a href=\"http:\/\/www.koraltekki.hu\/wp-content\/uploads\/2018\/04\/194342_1630215198489_6523555_o.jpg\"><img loading=\"lazy\" class=\" wp-image-1815 alignnone\" src=\"http:\/\/www.koraltekki.hu\/wp-content\/uploads\/2018\/04\/194342_1630215198489_6523555_o-300x225.jpg\" alt=\"\" width=\"676\" height=\"507\" srcset=\"http:\/\/www.koraltekki.hu\/wp-content\/uploads\/2018\/04\/194342_1630215198489_6523555_o-300x225.jpg 300w, http:\/\/www.koraltekki.hu\/wp-content\/uploads\/2018\/04\/194342_1630215198489_6523555_o-768x576.jpg 768w, http:\/\/www.koraltekki.hu\/wp-content\/uploads\/2018\/04\/194342_1630215198489_6523555_o-200x150.jpg 200w, http:\/\/www.koraltekki.hu\/wp-content\/uploads\/2018\/04\/194342_1630215198489_6523555_o-150x113.jpg 150w, http:\/\/www.koraltekki.hu\/wp-content\/uploads\/2018\/04\/194342_1630215198489_6523555_o.jpg 902w\" sizes=\"(max-width: 676px) 100vw, 676px\" \/><\/a><\/p>\n","protected":false},"excerpt":{"rendered":"<p>Adriai tengeri b\u00fav\u00e1rb\u00e1zisunk j magyar oktat\u00f3val, Biograd na moruban \u00fczemel. Horv\u00e1t telefonsz\u00e1mom: +385 917254605. T\u00e1vols\u00e1ga a hat\u00e1rt\u00f3l mind\u00f6ssze 416 km (Letenye). A hat\u00e1rt\u00f3l v\u00e9gig aut\u00f3p\u00e1lya van (A1) a benkovaci kij\u00e1ratig. A mer\u00fcl\u00e9seket haj\u00f3r\u00f3l v\u00e9gezz\u00fck, amely a napi kihaj\u00f3z\u00e1s sor\u00e1n teljes k\u00e9nyelmet \u00e9s biztons\u00e1got ad a b\u00fav\u00e1roknak (napoz\u00f3 r\u00e9sz, \u00e1rny\u00e9kos r\u00e9sz, \u2026 <a href=\"http:\/\/www.koraltekki.hu\/?page_id=2087\"> Continue reading <span class=\"meta-nav\">&rarr; <\/span><\/a><\/p>\n","protected":false},"author":1,"featured_media":0,"parent":0,"menu_order":0,"comment_status":"closed","ping_status":"closed","template":"","meta":[],"_links":{"self":[{"href":"http:\/\/www.koraltekki.hu\/index.php?rest_route=\/wp\/v2\/pages\/2087"}],"collection":[{"href":"http:\/\/www.koraltekki.hu\/index.php?rest_route=\/wp\/v2\/pages"}],"about":[{"href":"http:\/\/www.koraltekki.hu\/index.php?rest_route=\/wp\/v2\/types\/page"}],"author":[{"embeddable":true,"href":"http:\/\/www.koraltekki.hu\/index.php?rest_route=\/wp\/v2\/users\/1"}],"replies":[{"embeddable":true,"href":"http:\/\/www.koraltekki.hu\/index.php?rest_route=%2Fwp%2Fv2%2Fcomments&post=2087"}],"version-history":[{"count":1,"href":"http:\/\/www.koraltekki.hu\/index.php?rest_route=\/wp\/v2\/pages\/2087\/revisions"}],"predecessor-version":[{"id":2089,"href":"http:\/\/www.koraltekki.hu\/index.php?rest_route=\/wp\/v2\/pages\/2087\/revisions\/2089"}],"wp:attachment":[{"href":"http:\/\/www.koraltekki.hu\/index.php?rest_route=%2Fwp%2Fv2%2Fmedia&parent=2087"}],"curies":[{"name":"wp","href":"https:\/\/api.w.org\/{rel}","templated":true}]}}