{"id":2106,"date":"2019-03-01T15:44:18","date_gmt":"2019-03-01T15:44:18","guid":{"rendered":"http:\/\/www.koraltekki.hu\/?page_id=2106"},"modified":"2019-03-01T15:46:55","modified_gmt":"2019-03-01T15:46:55","slug":"palackszelep","status":"publish","type":"page","link":"http:\/\/www.koraltekki.hu\/?page_id=2106","title":{"rendered":"Palackszelep"},"content":{"rendered":"<div id=\"js_bhf\" class=\"_5pbx userContent _3576\" data-ft=\"{&quot;tn&quot;:&quot;K&quot;}\">\n<p>Elad\u00f3 gy\u00e1ri \u00faj szelep , M25x2 csatlakoz\u00f3val, b\u0151v\u00edthet\u0151, kombi (DIN\/INT), szifoncs\u0151vel<br \/>\n\u00c1ra: 16.000 HUF<\/p>\n<\/div>\n<p>&nbsp;<\/p>\n<p>&nbsp;<\/p>\n<div class=\"_3x-2\" data-ft=\"{&quot;tn&quot;:&quot;H&quot;}\">\n<div data-ft=\"{&quot;tn&quot;:&quot;H&quot;}\">\n<div class=\"mtm\">\n<div class=\"_2a2q _65sr\"><a href=\"http:\/\/www.koraltekki.hu\/wp-content\/uploads\/2019\/03\/2019-02-27-333.jpg\"><img loading=\"lazy\" class=\" wp-image-2101 alignnone\" src=\"http:\/\/www.koraltekki.hu\/wp-content\/uploads\/2019\/03\/2019-02-27-333-169x300.jpg\" alt=\"\" width=\"478\" height=\"849\" srcset=\"http:\/\/www.koraltekki.hu\/wp-content\/uploads\/2019\/03\/2019-02-27-333-169x300.jpg 169w, http:\/\/www.koraltekki.hu\/wp-content\/uploads\/2019\/03\/2019-02-27-333-768x1365.jpg 768w, http:\/\/www.koraltekki.hu\/wp-content\/uploads\/2019\/03\/2019-02-27-333-576x1024.jpg 576w, http:\/\/www.koraltekki.hu\/wp-content\/uploads\/2019\/03\/2019-02-27-333-84x150.jpg 84w\" sizes=\"(max-width: 478px) 100vw, 478px\" \/><\/a><a href=\"http:\/\/www.koraltekki.hu\/wp-content\/uploads\/2019\/03\/2019-02-27-329.jpg\"><img loading=\"lazy\" class=\" wp-image-2100 alignnone\" src=\"http:\/\/www.koraltekki.hu\/wp-content\/uploads\/2019\/03\/2019-02-27-329-169x300.jpg\" alt=\"\" width=\"477\" height=\"847\" srcset=\"http:\/\/www.koraltekki.hu\/wp-content\/uploads\/2019\/03\/2019-02-27-329-169x300.jpg 169w, http:\/\/www.koraltekki.hu\/wp-content\/uploads\/2019\/03\/2019-02-27-329-768x1365.jpg 768w, http:\/\/www.koraltekki.hu\/wp-content\/uploads\/2019\/03\/2019-02-27-329-576x1024.jpg 576w, http:\/\/www.koraltekki.hu\/wp-content\/uploads\/2019\/03\/2019-02-27-329-84x150.jpg 84w\" sizes=\"(max-width: 477px) 100vw, 477px\" \/><\/a><\/div>\n<\/div>\n<\/div>\n<\/div>\n","protected":false},"excerpt":{"rendered":"<p>Elad\u00f3 gy\u00e1ri \u00faj szelep , M25x2 csatlakoz\u00f3val, b\u0151v\u00edthet\u0151, kombi (DIN\/INT), szifoncs\u0151vel \u00c1ra: 16.000 HUF &nbsp; &nbsp;<\/p>\n","protected":false},"author":1,"featured_media":0,"parent":0,"menu_order":0,"comment_status":"closed","ping_status":"closed","template":"","meta":[],"_links":{"self":[{"href":"http:\/\/www.koraltekki.hu\/index.php?rest_route=\/wp\/v2\/pages\/2106"}],"collection":[{"href":"http:\/\/www.koraltekki.hu\/index.php?rest_route=\/wp\/v2\/pages"}],"about":[{"href":"http:\/\/www.koraltekki.hu\/index.php?rest_route=\/wp\/v2\/types\/page"}],"author":[{"embeddable":true,"href":"http:\/\/www.koraltekki.hu\/index.php?rest_route=\/wp\/v2\/users\/1"}],"replies":[{"embeddable":true,"href":"http:\/\/www.koraltekki.hu\/index.php?rest_route=%2Fwp%2Fv2%2Fcomments&post=2106"}],"version-history":[{"count":3,"href":"http:\/\/www.koraltekki.hu\/index.php?rest_route=\/wp\/v2\/pages\/2106\/revisions"}],"predecessor-version":[{"id":2110,"href":"http:\/\/www.koraltekki.hu\/index.php?rest_route=\/wp\/v2\/pages\/2106\/revisions\/2110"}],"wp:attachment":[{"href":"http:\/\/www.koraltekki.hu\/index.php?rest_route=%2Fwp%2Fv2%2Fmedia&parent=2106"}],"curies":[{"name":"wp","href":"https:\/\/api.w.org\/{rel}","templated":true}]}}