{"id":2255,"date":"2019-11-16T15:40:28","date_gmt":"2019-11-16T15:40:28","guid":{"rendered":"http:\/\/www.koraltekki.hu\/?page_id=2255"},"modified":"2019-11-16T17:05:17","modified_gmt":"2019-11-16T17:05:17","slug":"infoline-turistaknak","status":"publish","type":"page","link":"http:\/\/www.koraltekki.hu\/?page_id=2255","title":{"rendered":"Infoline b\u00fav\u00e1roknak"},"content":{"rendered":"<p>&nbsp;<\/p>\n<h2><strong>Tisztelt B\u00fav\u00e1rt\u00e1rsak !<\/strong><\/h2>\n<p>Itt tehet\u0151k fel k\u00e9rd\u00e9sek:<\/p>\n<ul>\n<li>felszerel\u00e9ssel,<\/li>\n<li>tanfolyamokkal,<\/li>\n<li>rendszerekkel,<\/li>\n<li>mer\u00fcl\u0151helyekkel,<\/li>\n<li>elj\u00e1r\u00e1sokkal kapcsolatban.<\/li>\n<\/ul>\n<p>Erre pr\u00f3b\u00e1lunk <strong><span style=\"color: #993300;\">SZAKMAI, REKL\u00c1MMENTES<\/span><\/strong>\u00a0 v\u00e1laszt adni<\/p>\n<h2><strong>Kapcsolat: <\/strong><\/h2>\n<h2><strong>Szeptember \u2013 m\u00e1jus :<\/strong><\/h2>\n<h2>Mobile:\u00a0+3630 414 7920<\/h2>\n<h2><strong>J\u00fanius \u2013 Szeptember<\/strong><\/h2>\n<h2>Mobile:\u00a0+ 385 91 72 546<\/h2>\n<h2><strong>Eg\u00e9sz \u00e9vben:\u00a0<\/strong><\/h2>\n<h2><strong>E-mail:\u00a0krizsanandras@gmail.com<\/strong><\/h2>\n<h2><strong>Facebook :\u00a0\u00a0https:\/\/www.facebook.com\/Nanurlelke<\/strong><\/h2>\n<p><a href=\"http:\/\/www.koraltekki.hu\/wp-content\/uploads\/2016\/06\/14370645639151.jpg\"><img loading=\"lazy\" class=\" wp-image-1408 alignleft\" src=\"http:\/\/www.koraltekki.hu\/wp-content\/uploads\/2016\/06\/14370645639151-300x225.jpg\" alt=\"\" width=\"768\" height=\"576\" srcset=\"http:\/\/www.koraltekki.hu\/wp-content\/uploads\/2016\/06\/14370645639151-300x225.jpg 300w, http:\/\/www.koraltekki.hu\/wp-content\/uploads\/2016\/06\/14370645639151-1024x768.jpg 1024w, http:\/\/www.koraltekki.hu\/wp-content\/uploads\/2016\/06\/14370645639151-200x150.jpg 200w, http:\/\/www.koraltekki.hu\/wp-content\/uploads\/2016\/06\/14370645639151-150x112.jpg 150w, http:\/\/www.koraltekki.hu\/wp-content\/uploads\/2016\/06\/14370645639151.jpg 1267w\" sizes=\"(max-width: 768px) 100vw, 768px\" \/><\/a><\/p>\n<p><a href=\"http:\/\/www.koraltekki.hu\/wp-content\/uploads\/2016\/10\/received_1171246266231372.jpeg\"><img loading=\"lazy\" class=\" wp-image-1438 alignleft\" src=\"http:\/\/www.koraltekki.hu\/wp-content\/uploads\/2016\/10\/received_1171246266231372-300x225.jpeg\" alt=\"\" width=\"766\" height=\"574\" srcset=\"http:\/\/www.koraltekki.hu\/wp-content\/uploads\/2016\/10\/received_1171246266231372-300x225.jpeg 300w, http:\/\/www.koraltekki.hu\/wp-content\/uploads\/2016\/10\/received_1171246266231372-1024x768.jpeg 1024w, http:\/\/www.koraltekki.hu\/wp-content\/uploads\/2016\/10\/received_1171246266231372-200x150.jpeg 200w, http:\/\/www.koraltekki.hu\/wp-content\/uploads\/2016\/10\/received_1171246266231372-150x112.jpeg 150w, http:\/\/www.koraltekki.hu\/wp-content\/uploads\/2016\/10\/received_1171246266231372.jpeg 1267w\" sizes=\"(max-width: 766px) 100vw, 766px\" \/><\/a><\/p>\n<p><a href=\"http:\/\/www.koraltekki.hu\/wp-content\/uploads\/2018\/12\/tusa2.jpg\"><img loading=\"lazy\" class=\" wp-image-1996 alignleft\" src=\"http:\/\/www.koraltekki.hu\/wp-content\/uploads\/2018\/12\/tusa2-225x300.jpg\" alt=\"\" width=\"766\" height=\"1021\" srcset=\"http:\/\/www.koraltekki.hu\/wp-content\/uploads\/2018\/12\/tusa2-225x300.jpg 225w, http:\/\/www.koraltekki.hu\/wp-content\/uploads\/2018\/12\/tusa2.jpg 768w, http:\/\/www.koraltekki.hu\/wp-content\/uploads\/2018\/12\/tusa2-113x150.jpg 113w\" sizes=\"(max-width: 766px) 100vw, 766px\" \/><\/a><\/p>\n","protected":false},"excerpt":{"rendered":"<p>&nbsp; Tisztelt B\u00fav\u00e1rt\u00e1rsak ! Itt tehet\u0151k fel k\u00e9rd\u00e9sek: felszerel\u00e9ssel, tanfolyamokkal, rendszerekkel, mer\u00fcl\u0151helyekkel, elj\u00e1r\u00e1sokkal kapcsolatban. Erre pr\u00f3b\u00e1lunk SZAKMAI, REKL\u00c1MMENTES\u00a0 v\u00e1laszt adni Kapcsolat: Szeptember \u2013 m\u00e1jus : Mobile:\u00a0+3630 414 7920 J\u00fanius \u2013 Szeptember Mobile:\u00a0+ 385 91 72 546 Eg\u00e9sz \u00e9vben:\u00a0 E-mail:\u00a0krizsanandras@gmail.com Facebook :\u00a0\u00a0https:\/\/www.facebook.com\/Nanurlelke<\/p>\n","protected":false},"author":1,"featured_media":0,"parent":0,"menu_order":0,"comment_status":"closed","ping_status":"closed","template":"","meta":[],"_links":{"self":[{"href":"http:\/\/www.koraltekki.hu\/index.php?rest_route=\/wp\/v2\/pages\/2255"}],"collection":[{"href":"http:\/\/www.koraltekki.hu\/index.php?rest_route=\/wp\/v2\/pages"}],"about":[{"href":"http:\/\/www.koraltekki.hu\/index.php?rest_route=\/wp\/v2\/types\/page"}],"author":[{"embeddable":true,"href":"http:\/\/www.koraltekki.hu\/index.php?rest_route=\/wp\/v2\/users\/1"}],"replies":[{"embeddable":true,"href":"http:\/\/www.koraltekki.hu\/index.php?rest_route=%2Fwp%2Fv2%2Fcomments&post=2255"}],"version-history":[{"count":11,"href":"http:\/\/www.koraltekki.hu\/index.php?rest_route=\/wp\/v2\/pages\/2255\/revisions"}],"predecessor-version":[{"id":2273,"href":"http:\/\/www.koraltekki.hu\/index.php?rest_route=\/wp\/v2\/pages\/2255\/revisions\/2273"}],"wp:attachment":[{"href":"http:\/\/www.koraltekki.hu\/index.php?rest_route=%2Fwp%2Fv2%2Fmedia&parent=2255"}],"curies":[{"name":"wp","href":"https:\/\/api.w.org\/{rel}","templated":true}]}}