{"id":251,"date":"2015-01-27T17:32:52","date_gmt":"2015-01-27T17:32:52","guid":{"rendered":"http:\/\/www.koraltekki.hu\/?page_id=251"},"modified":"2015-01-27T19:52:20","modified_gmt":"2015-01-27T19:52:20","slug":"szaktanfolyamok-3","status":"publish","type":"page","link":"http:\/\/www.koraltekki.hu\/?page_id=251","title":{"rendered":"Szaktanfolyamok"},"content":{"rendered":"<p><em><strong>Szaktanfolyamok<\/strong><\/em><\/p>\n<p>Azon b\u00fav\u00e1rok sz\u00e1m\u00e1ra, akik tud\u00e1sukat egyes ter\u00fcleteken szeretn\u00e9k nagyobb m\u00e9lys\u00e9gben elsaj\u00e1t\u00edtani, k\u00fcl\u00f6n, un szaktanfolyamokat ind\u00edtunk.<\/p>\n<p>A szaktanfolyamok az adott ter\u00fclten, t\u00e9m\u00e1ban nagyobb m\u00e9rt\u00e9k\u0171 ismeretanyagot, mer\u00fcl\u00e9si gyakorlatot biztos\u00edt az \u00e9rdekl\u0151d\u0151k sz\u00e1m\u00e1ra.<\/p>\n<p>A szaktanfolyamok sz\u00e1ma se szeri, se sz\u00e1ma.<\/p>\n<p>Ennek magyar\u00e1zata els\u0151sorban marketing okokban keresend\u0151 (bev\u00e9tel n\u00f6vel\u00e9s a c\u00e9l).<\/p>\n<p>A Koral-Tekki B\u00fav\u00e1r Iskola &#8211; h\u00e1tat ford\u00edtva az \u00f6nc\u00e9l\u0171 \u00e9s sokszor megk\u00e9rd\u0151jelezhet\u0151 tanfolyamoknak- kiz\u00e1r\u00f3lag a praktikum oldal\u00e1r\u00f3l k\u00f6zel\u00edti a szaktanfolyamok k\u00e9rd\u00e9s\u00e9t.<\/p>\n<h1><\/h1>\n<p><a href=\"http:\/\/www.koraltekki.hu\/wp-content\/uploads\/2015\/01\/IMG_1578.jpg\"><img loading=\"lazy\" class=\"alignnone  wp-image-256\" src=\"http:\/\/www.koraltekki.hu\/wp-content\/uploads\/2015\/01\/IMG_1578-300x225.jpg\" alt=\"IF\" width=\"711\" height=\"533\" srcset=\"http:\/\/www.koraltekki.hu\/wp-content\/uploads\/2015\/01\/IMG_1578-300x225.jpg 300w, http:\/\/www.koraltekki.hu\/wp-content\/uploads\/2015\/01\/IMG_1578-1024x768.jpg 1024w, http:\/\/www.koraltekki.hu\/wp-content\/uploads\/2015\/01\/IMG_1578.jpg 1600w\" sizes=\"(max-width: 711px) 100vw, 711px\" \/><\/a><\/p>\n","protected":false},"excerpt":{"rendered":"<p>Szaktanfolyamok Azon b\u00fav\u00e1rok sz\u00e1m\u00e1ra, akik tud\u00e1sukat egyes ter\u00fcleteken szeretn\u00e9k nagyobb m\u00e9lys\u00e9gben elsaj\u00e1t\u00edtani, k\u00fcl\u00f6n, un szaktanfolyamokat ind\u00edtunk. A szaktanfolyamok az adott ter\u00fclten, t\u00e9m\u00e1ban nagyobb m\u00e9rt\u00e9k\u0171 ismeretanyagot, mer\u00fcl\u00e9si gyakorlatot biztos\u00edt az \u00e9rdekl\u0151d\u0151k sz\u00e1m\u00e1ra. A szaktanfolyamok sz\u00e1ma se szeri, se sz\u00e1ma. Ennek magyar\u00e1zata els\u0151sorban marketing okokban keresend\u0151 (bev\u00e9tel n\u00f6vel\u00e9s a c\u00e9l). A Koral-Tekki \u2026 <a href=\"http:\/\/www.koraltekki.hu\/?page_id=251\"> Continue reading <span class=\"meta-nav\">&rarr; <\/span><\/a><\/p>\n","protected":false},"author":1,"featured_media":0,"parent":0,"menu_order":0,"comment_status":"closed","ping_status":"open","template":"","meta":[],"_links":{"self":[{"href":"http:\/\/www.koraltekki.hu\/index.php?rest_route=\/wp\/v2\/pages\/251"}],"collection":[{"href":"http:\/\/www.koraltekki.hu\/index.php?rest_route=\/wp\/v2\/pages"}],"about":[{"href":"http:\/\/www.koraltekki.hu\/index.php?rest_route=\/wp\/v2\/types\/page"}],"author":[{"embeddable":true,"href":"http:\/\/www.koraltekki.hu\/index.php?rest_route=\/wp\/v2\/users\/1"}],"replies":[{"embeddable":true,"href":"http:\/\/www.koraltekki.hu\/index.php?rest_route=%2Fwp%2Fv2%2Fcomments&post=251"}],"version-history":[{"count":5,"href":"http:\/\/www.koraltekki.hu\/index.php?rest_route=\/wp\/v2\/pages\/251\/revisions"}],"predecessor-version":[{"id":260,"href":"http:\/\/www.koraltekki.hu\/index.php?rest_route=\/wp\/v2\/pages\/251\/revisions\/260"}],"wp:attachment":[{"href":"http:\/\/www.koraltekki.hu\/index.php?rest_route=%2Fwp%2Fv2%2Fmedia&parent=251"}],"curies":[{"name":"wp","href":"https:\/\/api.w.org\/{rel}","templated":true}]}}