{"id":586,"date":"2015-02-04T12:51:44","date_gmt":"2015-02-04T12:51:44","guid":{"rendered":"http:\/\/www.koraltekki.hu\/?page_id=586"},"modified":"2017-06-17T11:04:19","modified_gmt":"2017-06-17T11:04:19","slug":"buvarhajo","status":"publish","type":"page","link":"http:\/\/www.koraltekki.hu\/?page_id=586","title":{"rendered":"B\u00fav\u00e1rhaj\u00f3"},"content":{"rendered":"<p><a href=\"http:\/\/www.koraltekki.hu\/wp-content\/uploads\/2015\/01\/flagH.jpg\"><img loading=\"lazy\" class=\"alignnone  wp-image-371 imageSeven\" src=\"http:\/\/www.koraltekki.hu\/wp-content\/uploads\/2015\/01\/flagH-300x150.jpg\" alt=\"flagH\" width=\"68\" height=\"34\" srcset=\"http:\/\/www.koraltekki.hu\/wp-content\/uploads\/2015\/01\/flagH-300x150.jpg 300w, http:\/\/www.koraltekki.hu\/wp-content\/uploads\/2015\/01\/flagH.jpg 318w\" sizes=\"(max-width: 68px) 100vw, 68px\" \/><\/a><\/p>\n<p>Egyedi tervez\u00e9s\u0171, b\u00fav\u00e1rkod\u00e1s c\u00e9lj\u00e1ra \u00e9p\u00edtett kiv\u00e1l\u00f3 tenger\u00e1ll\u00f3s\u00e1g\u00fa haj\u00f3.<\/p>\n<p>Nagy fel\u00fclet\u0171 platformok helyet biztos\u00edtanak 12 b\u00fav\u00e1r + a k\u00eds\u00e9r\u0151k r\u00e9sz\u00e9re.<br \/>\nA napi kihaj\u00f3z\u00e1sokhoz sz\u00fcks\u00e9ges palackmennyis\u00e9get k\u00e9pes t\u00e1rolni.<br \/>\nT\u00f6bb meneteli pont \u00e9s sz\u00e9les platform szolg\u00e1lja a b\u00fav\u00e1rok k\u00e9nyelm\u00e9t.<br \/>\nNagy sebess\u00e9ge r\u00e9v\u00e9n a t\u00e1voli mer\u00fcl\u0151helyek is gyorsan el\u00e9rhet\u0151ek.<br \/>\nFed\u00e9lzeti WC, napoz\u00f3hely, fedett r\u00e9sz teszi k\u00e9nyelmess\u00e9 a napi t\u00far\u00e1kat.<br \/>\nViharos id\u0151ben a haj\u00f3t teljes vill\u00e1mv\u00e9delm\u00e9t Faraday kalitka biztos\u00edtja.<\/p>\n<p>A Kapit\u00e1ny \u00e9s a szem\u00e9lyzet egyben gyakorlott b\u00fav\u00e1r is (t\u00f6bb ezer mer\u00fcl\u00e9ssel)<\/p>\n<p><a href=\"http:\/\/www.koraltekki.hu\/wp-content\/uploads\/2017\/06\/images-2.jpg\"><img loading=\"lazy\" class=\"aligncenter size-full wp-image-1578\" src=\"http:\/\/www.koraltekki.hu\/wp-content\/uploads\/2017\/06\/images-2.jpg\" alt=\"images (2)\" width=\"275\" height=\"183\" srcset=\"http:\/\/www.koraltekki.hu\/wp-content\/uploads\/2017\/06\/images-2.jpg 275w, http:\/\/www.koraltekki.hu\/wp-content\/uploads\/2017\/06\/images-2-225x150.jpg 225w, http:\/\/www.koraltekki.hu\/wp-content\/uploads\/2017\/06\/images-2-150x100.jpg 150w\" sizes=\"(max-width: 275px) 100vw, 275px\" \/><\/a><\/p>\n<p><a href=\"http:\/\/www.koraltekki.hu\/wp-content\/uploads\/2017\/06\/images-1.jpg\"><img loading=\"lazy\" class=\"aligncenter size-full wp-image-1577\" src=\"http:\/\/www.koraltekki.hu\/wp-content\/uploads\/2017\/06\/images-1.jpg\" alt=\"images (1)\" width=\"240\" height=\"200\" srcset=\"http:\/\/www.koraltekki.hu\/wp-content\/uploads\/2017\/06\/images-1.jpg 240w, http:\/\/www.koraltekki.hu\/wp-content\/uploads\/2017\/06\/images-1-180x150.jpg 180w, http:\/\/www.koraltekki.hu\/wp-content\/uploads\/2017\/06\/images-1-150x125.jpg 150w\" sizes=\"(max-width: 240px) 100vw, 240px\" \/><\/a><\/p>\n<p>&nbsp;<\/p>\n","protected":false},"excerpt":{"rendered":"<p>Egyedi tervez\u00e9s\u0171, b\u00fav\u00e1rkod\u00e1s c\u00e9lj\u00e1ra \u00e9p\u00edtett kiv\u00e1l\u00f3 tenger\u00e1ll\u00f3s\u00e1g\u00fa haj\u00f3. Nagy fel\u00fclet\u0171 platformok helyet biztos\u00edtanak 12 b\u00fav\u00e1r + a k\u00eds\u00e9r\u0151k r\u00e9sz\u00e9re. A napi kihaj\u00f3z\u00e1sokhoz sz\u00fcks\u00e9ges palackmennyis\u00e9get k\u00e9pes t\u00e1rolni. T\u00f6bb meneteli pont \u00e9s sz\u00e9les platform szolg\u00e1lja a b\u00fav\u00e1rok k\u00e9nyelm\u00e9t. Nagy sebess\u00e9ge r\u00e9v\u00e9n a t\u00e1voli mer\u00fcl\u0151helyek is gyorsan el\u00e9rhet\u0151ek. Fed\u00e9lzeti WC, napoz\u00f3hely, fedett r\u00e9sz \u2026 <a href=\"http:\/\/www.koraltekki.hu\/?page_id=586\"> Continue reading <span class=\"meta-nav\">&rarr; <\/span><\/a><\/p>\n","protected":false},"author":1,"featured_media":0,"parent":0,"menu_order":0,"comment_status":"closed","ping_status":"open","template":"","meta":[],"_links":{"self":[{"href":"http:\/\/www.koraltekki.hu\/index.php?rest_route=\/wp\/v2\/pages\/586"}],"collection":[{"href":"http:\/\/www.koraltekki.hu\/index.php?rest_route=\/wp\/v2\/pages"}],"about":[{"href":"http:\/\/www.koraltekki.hu\/index.php?rest_route=\/wp\/v2\/types\/page"}],"author":[{"embeddable":true,"href":"http:\/\/www.koraltekki.hu\/index.php?rest_route=\/wp\/v2\/users\/1"}],"replies":[{"embeddable":true,"href":"http:\/\/www.koraltekki.hu\/index.php?rest_route=%2Fwp%2Fv2%2Fcomments&post=586"}],"version-history":[{"count":10,"href":"http:\/\/www.koraltekki.hu\/index.php?rest_route=\/wp\/v2\/pages\/586\/revisions"}],"predecessor-version":[{"id":1590,"href":"http:\/\/www.koraltekki.hu\/index.php?rest_route=\/wp\/v2\/pages\/586\/revisions\/1590"}],"wp:attachment":[{"href":"http:\/\/www.koraltekki.hu\/index.php?rest_route=%2Fwp%2Fv2%2Fmedia&parent=586"}],"curies":[{"name":"wp","href":"https:\/\/api.w.org\/{rel}","templated":true}]}}