{"id":746,"date":"2015-02-18T15:23:40","date_gmt":"2015-02-18T15:23:40","guid":{"rendered":"http:\/\/www.koraltekki.hu\/?page_id=746"},"modified":"2021-07-14T13:11:58","modified_gmt":"2021-07-14T13:11:58","slug":"aktualitasok","status":"publish","type":"page","link":"http:\/\/www.koraltekki.hu\/?page_id=746","title":{"rendered":"Aktualit\u00e1sok"},"content":{"rendered":"<p style=\"text-align: left;\"><a href=\"http:\/\/www.koraltekki.hu\/wp-content\/uploads\/2018\/02\/news.jpg\"><img loading=\"lazy\" class=\" wp-image-1739 alignleft\" src=\"http:\/\/www.koraltekki.hu\/wp-content\/uploads\/2018\/02\/news-300x169.jpg\" alt=\"\" width=\"708\" height=\"399\" srcset=\"http:\/\/www.koraltekki.hu\/wp-content\/uploads\/2018\/02\/news-300x169.jpg 300w, http:\/\/www.koraltekki.hu\/wp-content\/uploads\/2018\/02\/news-768x432.jpg 768w, http:\/\/www.koraltekki.hu\/wp-content\/uploads\/2018\/02\/news-1024x576.jpg 1024w, http:\/\/www.koraltekki.hu\/wp-content\/uploads\/2018\/02\/news-250x141.jpg 250w, http:\/\/www.koraltekki.hu\/wp-content\/uploads\/2018\/02\/news-150x84.jpg 150w, http:\/\/www.koraltekki.hu\/wp-content\/uploads\/2018\/02\/news.jpg 1920w\" sizes=\"(max-width: 708px) 100vw, 708px\" \/><\/a><\/p>\n<p>&nbsp;<\/p>\n<p>&nbsp;<\/p>\n<p>&nbsp;<\/p>\n<p>&nbsp;<\/p>\n<p>&nbsp;<\/p>\n<p>&nbsp;<\/p>\n<p>&nbsp;<\/p>\n<p>&nbsp;<\/p>\n<p>&nbsp;<\/p>\n<p><span style=\"color: #ff6600;\">A beutaz\u00e1si felt\u00e9telek a Konzuli szolg\u00e1lat oldal\u00e1n, naprak\u00e9szen tal\u00e1lhat\u00f3ak<\/span><\/p>\n<p>https:\/\/konzuliszolgalat.kormany.hu\/europa-utazasi-tanacsok?horvatorszag<\/p>\n<p>&nbsp;<\/p>\n<p>&nbsp;<\/p>\n<p>&nbsp;<\/p>\n<p>&nbsp;<\/p>\n<p>&nbsp;<\/p>\n<p>&nbsp;<\/p>\n<p>&nbsp;<\/p>\n<p>&nbsp;<\/p>\n<p>&nbsp;<\/p>\n<p>&nbsp;<\/p>\n","protected":false},"excerpt":{"rendered":"<p>&nbsp; &nbsp; &nbsp; &nbsp; &nbsp; &nbsp; &nbsp; &nbsp; &nbsp; A beutaz\u00e1si felt\u00e9telek a Konzuli szolg\u00e1lat oldal\u00e1n, naprak\u00e9szen tal\u00e1lhat\u00f3ak https:\/\/konzuliszolgalat.kormany.hu\/europa-utazasi-tanacsok?horvatorszag &nbsp; &nbsp; &nbsp; &nbsp; &nbsp; &nbsp; &nbsp; &nbsp; &nbsp; &nbsp;<\/p>\n","protected":false},"author":1,"featured_media":0,"parent":0,"menu_order":0,"comment_status":"closed","ping_status":"open","template":"","meta":[],"_links":{"self":[{"href":"http:\/\/www.koraltekki.hu\/index.php?rest_route=\/wp\/v2\/pages\/746"}],"collection":[{"href":"http:\/\/www.koraltekki.hu\/index.php?rest_route=\/wp\/v2\/pages"}],"about":[{"href":"http:\/\/www.koraltekki.hu\/index.php?rest_route=\/wp\/v2\/types\/page"}],"author":[{"embeddable":true,"href":"http:\/\/www.koraltekki.hu\/index.php?rest_route=\/wp\/v2\/users\/1"}],"replies":[{"embeddable":true,"href":"http:\/\/www.koraltekki.hu\/index.php?rest_route=%2Fwp%2Fv2%2Fcomments&post=746"}],"version-history":[{"count":7,"href":"http:\/\/www.koraltekki.hu\/index.php?rest_route=\/wp\/v2\/pages\/746\/revisions"}],"predecessor-version":[{"id":2317,"href":"http:\/\/www.koraltekki.hu\/index.php?rest_route=\/wp\/v2\/pages\/746\/revisions\/2317"}],"wp:attachment":[{"href":"http:\/\/www.koraltekki.hu\/index.php?rest_route=%2Fwp%2Fv2%2Fmedia&parent=746"}],"curies":[{"name":"wp","href":"https:\/\/api.w.org\/{rel}","templated":true}]}}