{"id":787,"date":"2015-02-19T16:26:14","date_gmt":"2015-02-19T16:26:14","guid":{"rendered":"http:\/\/www.koraltekki.hu\/?page_id=787"},"modified":"2015-06-15T08:31:38","modified_gmt":"2015-06-15T08:31:38","slug":"levego-es-vizhofok-biogradban","status":"publish","type":"page","link":"http:\/\/www.koraltekki.hu\/?page_id=787","title":{"rendered":"Leveg\u0151 \u00e9s v\u00edzh\u0151fok Biogradban"},"content":{"rendered":"<table width=\"826\">\n<tbody>\n<tr>\n<td width=\"92\">H\u00f3nap<\/td>\n<td width=\"156\">Leveg\u0151\u00a0h\u0151m\u00e9rs\u00e9klet<\/td>\n<td width=\"199\">Felsz\u00edni\u00a0h\u0151n\u00e9rs\u00e9klet<\/td>\n<td width=\"188\">H\u0151m\u00e9rs\u00e9klet\u00a015\u00a0m\u00e9ter<\/td>\n<td width=\"191\">H\u0151m\u00e9rs\u00e9klet\u00a030\u00a0m\u00e9ter<\/td>\n<\/tr>\n<tr>\n<td style=\"font-weight: 400;\" width=\"92\">April<\/td>\n<td style=\"font-weight: 400;\" width=\"156\">19\u00a0C<\/td>\n<td style=\"font-weight: 400;\" width=\"199\">19\u00a0C<\/td>\n<td style=\"font-weight: 400;\" width=\"188\">14\u00a0C<\/td>\n<td style=\"font-weight: 400;\" width=\"191\">13\u00a0C<\/td>\n<\/tr>\n<tr>\n<td style=\"font-weight: 400;\" width=\"92\">May<\/td>\n<td style=\"font-weight: 400;\" width=\"156\">22\u00a0C<\/td>\n<td style=\"font-weight: 400;\" width=\"199\">19\u00a0C<\/td>\n<td style=\"font-weight: 400;\" width=\"188\">15\u00a0C<\/td>\n<td style=\"font-weight: 400;\" width=\"191\">14\u00a0C<\/td>\n<\/tr>\n<tr>\n<td style=\"font-weight: 400;\" width=\"92\">June<\/td>\n<td style=\"font-weight: 400;\" width=\"156\">28\u00a0C<\/td>\n<td style=\"font-weight: 400;\" width=\"199\">22 C<\/td>\n<td style=\"font-weight: 400;\" width=\"188\">16\u00a0C<\/td>\n<td style=\"font-weight: 400;\" width=\"191\">15\u00a0C<\/td>\n<\/tr>\n<tr>\n<td style=\"font-weight: 400;\" width=\"92\">July<\/td>\n<td style=\"font-weight: 400;\" width=\"156\">34\u00a0C<\/td>\n<td style=\"font-weight: 400;\" width=\"199\">22\u00a0C<\/td>\n<td style=\"font-weight: 400;\" width=\"188\">18\u00a0C<\/td>\n<td style=\"font-weight: 400;\" width=\"191\">17\u00a0C<\/td>\n<\/tr>\n<tr>\n<td style=\"font-weight: 400;\" width=\"92\">August<\/td>\n<td style=\"font-weight: 400;\" width=\"156\">34\u00a0C<\/td>\n<td style=\"font-weight: 400;\" width=\"199\">23\u00a0C<\/td>\n<td style=\"font-weight: 400;\" width=\"188\">20\u00a0C<\/td>\n<td style=\"font-weight: 400;\" width=\"191\">18\u00a0C<\/td>\n<\/tr>\n<tr>\n<td style=\"font-weight: 400;\" width=\"92\">September<\/td>\n<td style=\"font-weight: 400;\" width=\"156\">25\u00a0C<\/td>\n<td style=\"font-weight: 400;\" width=\"199\">22\u00a0C<\/td>\n<td style=\"font-weight: 400;\" width=\"188\">20\u00a0C<\/td>\n<td style=\"font-weight: 400;\" width=\"191\">19\u00a0C<\/td>\n<\/tr>\n<tr>\n<td style=\"font-weight: 400;\" width=\"92\">October<\/td>\n<td style=\"font-weight: 400;\" width=\"156\">22\u00a0C<\/td>\n<td style=\"font-weight: 400;\" width=\"199\">20\u00a0C<\/td>\n<td style=\"font-weight: 400;\" width=\"188\">19\u00a0C<\/td>\n<td style=\"font-weight: 400;\" width=\"191\">19\u00a0C<\/td>\n<\/tr>\n<\/tbody>\n<\/table>\n<p>&nbsp;<\/p>\n","protected":false},"excerpt":{"rendered":"<p>H\u00f3nap Leveg\u0151\u00a0h\u0151m\u00e9rs\u00e9klet Felsz\u00edni\u00a0h\u0151n\u00e9rs\u00e9klet H\u0151m\u00e9rs\u00e9klet\u00a015\u00a0m\u00e9ter H\u0151m\u00e9rs\u00e9klet\u00a030\u00a0m\u00e9ter April 19\u00a0C 19\u00a0C 14\u00a0C 13\u00a0C May 22\u00a0C 19\u00a0C 15\u00a0C 14\u00a0C June 28\u00a0C 22 C 16\u00a0C 15\u00a0C July 34\u00a0C 22\u00a0C 18\u00a0C 17\u00a0C August 34\u00a0C 23\u00a0C 20\u00a0C 18\u00a0C September 25\u00a0C 22\u00a0C 20\u00a0C 19\u00a0C October 22\u00a0C 20\u00a0C 19\u00a0C 19\u00a0C &nbsp;<\/p>\n","protected":false},"author":1,"featured_media":0,"parent":0,"menu_order":0,"comment_status":"closed","ping_status":"open","template":"","meta":[],"_links":{"self":[{"href":"http:\/\/www.koraltekki.hu\/index.php?rest_route=\/wp\/v2\/pages\/787"}],"collection":[{"href":"http:\/\/www.koraltekki.hu\/index.php?rest_route=\/wp\/v2\/pages"}],"about":[{"href":"http:\/\/www.koraltekki.hu\/index.php?rest_route=\/wp\/v2\/types\/page"}],"author":[{"embeddable":true,"href":"http:\/\/www.koraltekki.hu\/index.php?rest_route=\/wp\/v2\/users\/1"}],"replies":[{"embeddable":true,"href":"http:\/\/www.koraltekki.hu\/index.php?rest_route=%2Fwp%2Fv2%2Fcomments&post=787"}],"version-history":[{"count":3,"href":"http:\/\/www.koraltekki.hu\/index.php?rest_route=\/wp\/v2\/pages\/787\/revisions"}],"predecessor-version":[{"id":1057,"href":"http:\/\/www.koraltekki.hu\/index.php?rest_route=\/wp\/v2\/pages\/787\/revisions\/1057"}],"wp:attachment":[{"href":"http:\/\/www.koraltekki.hu\/index.php?rest_route=%2Fwp%2Fv2%2Fmedia&parent=787"}],"curies":[{"name":"wp","href":"https:\/\/api.w.org\/{rel}","templated":true}]}}