{"id":835,"date":"2015-02-24T18:48:56","date_gmt":"2015-02-24T18:48:56","guid":{"rendered":"http:\/\/www.koraltekki.hu\/?page_id=835"},"modified":"2015-02-24T19:39:55","modified_gmt":"2015-02-24T19:39:55","slug":"advanced-nitrox-diver","status":"publish","type":"page","link":"http:\/\/www.koraltekki.hu\/?page_id=835","title":{"rendered":"Advanced Nitrox Diver"},"content":{"rendered":"<p>Halad\u00f3 Nitrox &#8211; Advanced Nitrox Diver<\/p>\n<p>Sporb\u00fav\u00e1rkod\u00e1si tev\u00e9kenys\u00e9gedet, szeretn\u00e9d kib\u0151v\u00edteni dekompresszi\u00f3s mer\u00fcl\u00e9seidet, vagy \u00e9rdekel a technikai mer\u00fcl\u00e9sek vil\u00e1ga, akkor ez a tanfolyam a megold\u00e1s Sz\u00e1modra.<br \/>\nA tanfolyam sor\u00e1n m\u00e9lyebben elmer\u00fcl\u00fcnk a nitrox mint l\u00e9gz\u0151 \u00e9s mint dekompresszi\u00f3s g\u00e1z alkalmaz\u00e1s\u00e1nak rejtelmeibe.<br \/>\nDekompresszi\u00f3s szoftverek seg\u00edts\u00e9g\u00e9vel tervezz\u00fck mer\u00fcl\u00e9seinket, \u00e9s tervet be is tartjuk.<br \/>\nA tanfolyam anyaga dupla palack haszn\u00e1lata a megfelel\u0151 konfigur\u00e1ci\u00f3val, \u00e9s az ezzel j\u00e1r\u00f3 technik\u00e1k elsaj\u00e1t\u00edt\u00e1sa.<br \/>\nA tanfolyam sor\u00e1n a mer\u00fcl\u00e9si technik\u00e1kat csiszoljuk olyan szintre, hogy mer\u00fcl\u00e9s k\u00f6zben ne a lebeg\u00e9ssel vagy az \u00fasz\u00e1sm\u00f3dok megv\u00e1laszt\u00e1s\u00e1val kelljen foglalkoznunk.<\/p>\n<ul>\n<li>A Tanfolyam c\u00e9lja:<br \/>\n&#8211; a mer\u00fcl\u00e9si m\u00e9lys\u00e9g \u00e9s a fen\u00e9kid\u0151 kiterjeszt\u00e9se<br \/>\n&#8211; stage palack(ok) kezel\u00e9se<br \/>\n&#8211; dekompreszi\u00f3s meg\u00e1ll\u00f3k sz\u00e1mit\u00f3g\u00e9pes tervez\u00e9se, v\u00e9grehajt\u00e1sa<br \/>\n&#8211; EAN haszn\u00e1lata dekompresszi\u00f3s c\u00e9lokra<br \/>\n&#8211; \u00f6n \u00e9s t\u00e1rsment\u00e9si drillek<\/li>\n<li>A Tanfolyam fel\u00e9p\u00edt\u00e9se:<br \/>\n&#8211; elm\u00e9leti el\u0151ad\u00e1sok<br \/>\n&#8211; vizsga<br \/>\n&#8211; uszodai foglalkoz\u00e1sok<br \/>\n&#8211; ny\u00edltv\u00edzi mer\u00fcl\u00e9sek<\/li>\n<li>El\u0151felt\u00e9telek:<br \/>\n&#8211; Minimum 50 napl\u00f3zott mer\u00fcl\u00e9s<br \/>\n&#8211; Nitrox Diver min\u0151s\u00edt\u00e9s<br \/>\n&#8211; Deep Diver min\u0151s\u00edt\u00e9s<\/li>\n<\/ul>\n<p>&nbsp;<\/p>\n<ul>\n<li><a href=\"http:\/\/www.koraltekki.hu\/wp-content\/uploads\/2015\/02\/images-2.jpg\"><img loading=\"lazy\" class=\"  wp-image-838 alignleft\" src=\"http:\/\/www.koraltekki.hu\/wp-content\/uploads\/2015\/02\/images-2-300x63.jpg\" alt=\"images (2)\" width=\"890\" height=\"187\" srcset=\"http:\/\/www.koraltekki.hu\/wp-content\/uploads\/2015\/02\/images-2-300x63.jpg 300w, http:\/\/www.koraltekki.hu\/wp-content\/uploads\/2015\/02\/images-2-250x53.jpg 250w, http:\/\/www.koraltekki.hu\/wp-content\/uploads\/2015\/02\/images-2-150x32.jpg 150w, http:\/\/www.koraltekki.hu\/wp-content\/uploads\/2015\/02\/images-2.jpg 490w\" sizes=\"(max-width: 890px) 100vw, 890px\" \/><\/a><\/li>\n<\/ul>\n","protected":false},"excerpt":{"rendered":"<p>Halad\u00f3 Nitrox &#8211; Advanced Nitrox Diver Sporb\u00fav\u00e1rkod\u00e1si tev\u00e9kenys\u00e9gedet, szeretn\u00e9d kib\u0151v\u00edteni dekompresszi\u00f3s mer\u00fcl\u00e9seidet, vagy \u00e9rdekel a technikai mer\u00fcl\u00e9sek vil\u00e1ga, akkor ez a tanfolyam a megold\u00e1s Sz\u00e1modra. A tanfolyam sor\u00e1n m\u00e9lyebben elmer\u00fcl\u00fcnk a nitrox mint l\u00e9gz\u0151 \u00e9s mint dekompresszi\u00f3s g\u00e1z alkalmaz\u00e1s\u00e1nak rejtelmeibe. Dekompresszi\u00f3s szoftverek seg\u00edts\u00e9g\u00e9vel tervezz\u00fck mer\u00fcl\u00e9seinket, \u00e9s tervet be is tartjuk. \u2026 <a href=\"http:\/\/www.koraltekki.hu\/?page_id=835\"> Continue reading <span class=\"meta-nav\">&rarr; <\/span><\/a><\/p>\n","protected":false},"author":1,"featured_media":0,"parent":0,"menu_order":0,"comment_status":"closed","ping_status":"open","template":"","meta":[],"_links":{"self":[{"href":"http:\/\/www.koraltekki.hu\/index.php?rest_route=\/wp\/v2\/pages\/835"}],"collection":[{"href":"http:\/\/www.koraltekki.hu\/index.php?rest_route=\/wp\/v2\/pages"}],"about":[{"href":"http:\/\/www.koraltekki.hu\/index.php?rest_route=\/wp\/v2\/types\/page"}],"author":[{"embeddable":true,"href":"http:\/\/www.koraltekki.hu\/index.php?rest_route=\/wp\/v2\/users\/1"}],"replies":[{"embeddable":true,"href":"http:\/\/www.koraltekki.hu\/index.php?rest_route=%2Fwp%2Fv2%2Fcomments&post=835"}],"version-history":[{"count":2,"href":"http:\/\/www.koraltekki.hu\/index.php?rest_route=\/wp\/v2\/pages\/835\/revisions"}],"predecessor-version":[{"id":839,"href":"http:\/\/www.koraltekki.hu\/index.php?rest_route=\/wp\/v2\/pages\/835\/revisions\/839"}],"wp:attachment":[{"href":"http:\/\/www.koraltekki.hu\/index.php?rest_route=%2Fwp%2Fv2%2Fmedia&parent=835"}],"curies":[{"name":"wp","href":"https:\/\/api.w.org\/{rel}","templated":true}]}}